{"id":6714,"date":"2025-02-03T03:31:50","date_gmt":"2025-02-03T03:31:50","guid":{"rendered":"https:\/\/dev.cm.upt.ro\/jecza\/?page_id=6714"},"modified":"2025-02-03T03:37:14","modified_gmt":"2025-02-03T03:37:14","slug":"2017-palatele-brancovenesti-mogosoaia","status":"publish","type":"page","link":"https:\/\/jecza.ro\/index.php\/2017-palatele-brancovenesti-mogosoaia\/","title":{"rendered":"2017. Palatele Br\u00e2ncovene\u0219ti, Mogo\u0219oaia"},"content":{"rendered":"\t\t<div data-elementor-type=\"wp-page\" data-elementor-id=\"6714\" class=\"elementor elementor-6714\">\n\t\t\t\t<div class=\"elementor-element elementor-element-f8b9c1e e-flex e-con-boxed e-con e-parent\" data-id=\"f8b9c1e\" data-element_type=\"container\">\n\t\t\t\t\t<div class=\"e-con-inner\">\n\t\t\t\t<div class=\"elementor-element elementor-element-b68a5bb elementor-widget elementor-widget-spacer\" data-id=\"b68a5bb\" data-element_type=\"widget\" data-widget_type=\"spacer.default\">\n\t\t\t\t<div class=\"elementor-widget-container\">\n\t\t\t\t\t\t\t<div class=\"elementor-spacer\">\n\t\t\t<div class=\"elementor-spacer-inner\"><\/div>\n\t\t<\/div>\n\t\t\t\t\t\t<\/div>\n\t\t\t\t<\/div>\n\t\t\t\t\t<\/div>\n\t\t\t\t<\/div>\n\t\t<div class=\"elementor-element elementor-element-0d7d188 e-flex e-con-boxed e-con e-parent\" data-id=\"0d7d188\" data-element_type=\"container\">\n\t\t\t\t\t<div class=\"e-con-inner\">\n\t\t\t\t<div class=\"elementor-element elementor-element-7686719 elementor-widget elementor-widget-heading\" data-id=\"7686719\" data-element_type=\"widget\" data-widget_type=\"heading.default\">\n\t\t\t\t<div class=\"elementor-widget-container\">\n\t\t\t\t\t<h3 class=\"elementor-heading-title elementor-size-default\">PETER JECZA. LEC\u021aIE DESPRE IMPERFEC\u021aIUNE<\/h3>\t\t\t\t<\/div>\n\t\t\t\t<\/div>\n\t\t\t\t\t<\/div>\n\t\t\t\t<\/div>\n\t\t<div class=\"elementor-element elementor-element-ca57ef6 e-flex e-con-boxed e-con e-parent\" data-id=\"ca57ef6\" data-element_type=\"container\">\n\t\t\t\t\t<div class=\"e-con-inner\">\n\t\t\t\t<div class=\"elementor-element elementor-element-0472817 elementor-widget elementor-widget-text-editor\" data-id=\"0472817\" data-element_type=\"widget\" data-widget_type=\"text-editor.default\">\n\t\t\t\t<div class=\"elementor-widget-container\">\n\t\t\t\t\t\t\t\t\t<p>23 septembrie \u2013 25 octombrie 2017<\/p>\t\t\t\t\t\t\t\t<\/div>\n\t\t\t\t<\/div>\n\t\t\t\t\t<\/div>\n\t\t\t\t<\/div>\n\t\t<div class=\"elementor-element elementor-element-4fdae30 e-flex e-con-boxed e-con e-parent\" data-id=\"4fdae30\" data-element_type=\"container\">\n\t\t\t\t\t<div class=\"e-con-inner\">\n\t\t\t\t<div class=\"elementor-element elementor-element-e4df5d5 elementor-widget elementor-widget-text-editor\" data-id=\"e4df5d5\" data-element_type=\"widget\" data-widget_type=\"text-editor.default\">\n\t\t\t\t<div class=\"elementor-widget-container\">\n\t\t\t\t\t\t\t\t\t<p><b>Ini\u021biatorul expozi\u021biei<\/b>: Funda\u021bia Interart TRIADE, \u00een cadrul programului <i>Memoria Jecza<\/i><\/p><p><b>Parteneri<\/b>: Centrul Cultural Palatele Br\u00e2ncovene\u0219ti Mogo\u0219oaia\u00a0<\/p><p><b>Curator<\/b>: M\u0103d\u0103lina Mirea\u00a0<\/p><p><b>Cuv\u00e2nt de deschidere<\/b>: Doina M\u00e2ndru<\/p><p><b>Microrecital de violoncel<\/b>: Alexandra Gu\u021bu \u0219i Marin Cazacu\u00a0<\/p><p>Lucr\u0103ri din colec\u0163iile Muzeului de Art\u0103 Timi\u0219oara, Muzeului Na\u021bional Secuiesc Sf. Gheorghe, precum \u0219i din colec\u021bii private &#8211; Lecca, Herczeg, Mihu, Simcelescu, Mesaros, Babusceac, Jecza.\u00a0\u00a0\u00a0<\/p><p>Expozi\u0163ia a fost \u00eenso\u0163it\u0103 de un <b>catalog<\/b> cuprinz\u00e2nd lucr\u0103rile expuse.<\/p>\t\t\t\t\t\t\t\t<\/div>\n\t\t\t\t<\/div>\n\t\t\t\t\t<\/div>\n\t\t\t\t<\/div>\n\t\t<div class=\"elementor-element elementor-element-2307491 e-flex e-con-boxed e-con e-parent\" data-id=\"2307491\" data-element_type=\"container\">\n\t\t\t\t\t<div class=\"e-con-inner\">\n\t\t\t\t<div class=\"elementor-element elementor-element-cf540c1 elementor-widget elementor-widget-text-editor\" data-id=\"cf540c1\" data-element_type=\"widget\" data-widget_type=\"text-editor.default\">\n\t\t\t\t<div class=\"elementor-widget-container\">\n\t\t\t\t\t\t\t\t\t<p>Expozi\u021bia a fost prezentat\u0103 \u00eentr-o prim\u0103 instan\u021b\u0103 la Muzeul de Art\u0103 Jean Mihail din Craiova (iulie-septembrie 2017).\u00a0<\/p><p>Lucr\u0103rile pe care expozi\u021bia le prezint\u0103 aduc \u00een fa\u021ba publicului procesul de autodefinire \u00eentreprins de artist \u00een anii 80. Ele sunt rodul unui \u00eendelung exerci\u021biu, la finele c\u0103ruia artistul ajunge \u00een punctul de perspectiv\u0103 al unor sinteze par\u021biale, a impunerii unui instrumentar de exprimare propriu (<b>monada<\/b>, ca form\u0103 plastic\u0103 apt\u0103 s\u0103 cuprind\u0103 sensuri multiple), a unui corpus marcat de existen\u021ba c\u00e2torva linii izotopice\u00a0 generatoare, ce \u00eei definesc crea\u021bia pe toate palierele sale: la nivel formal, semantic, simbolic, tematic etc.<\/p><p>\u00cencep\u00e2nd cu ultimii ani ai deceniului \u0219apte, lucr\u0103rile lui Peter Jecza\u00a0 formuleaz\u0103, \u00eentr-un limbaj nou, propriu, \u00eenc\u0103rcat de sens, \u00eentreb\u0103ri legate de enigma existen\u0163ei \u0219i elanurile abisale ale fiin\u0163ei, de drama condi\u0163iei umane \u015fi\u00a0 \u015fansele salv\u0103rii ei, d\u00e2ndu-le corporalitate sculptural\u0103.<\/p>\t\t\t\t\t\t\t\t<\/div>\n\t\t\t\t<\/div>\n\t\t\t\t\t<\/div>\n\t\t\t\t<\/div>\n\t\t<div class=\"elementor-element elementor-element-23a9eb0 e-flex e-con-boxed e-con e-parent\" data-id=\"23a9eb0\" data-element_type=\"container\">\n\t\t\t\t\t<div class=\"e-con-inner\">\n\t\t\t\t<div class=\"elementor-element elementor-element-611fea4 elementor-widget elementor-widget-image-gallery\" data-id=\"611fea4\" data-element_type=\"widget\" data-widget_type=\"image-gallery.default\">\n\t\t\t\t<div class=\"elementor-widget-container\">\n\t\t\t\t\t\t\t<div class=\"elementor-image-gallery\">\n\t\t\t\n\t\t<style type=\"text\/css\">\n\t\t\t#gallery-1 {\n\t\t\t\tmargin: auto;\n\t\t\t}\n\t\t\t#gallery-1 .gallery-item {\n\t\t\t\tfloat: left;\n\t\t\t\tmargin-top: 10px;\n\t\t\t\ttext-align: center;\n\t\t\t\twidth: 50%;\n\t\t\t}\n\t\t\t#gallery-1 img {\n\t\t\t\tborder: 2px solid #cfcfcf;\n\t\t\t}\n\t\t\t#gallery-1 .gallery-caption {\n\t\t\t\tmargin-left: 0;\n\t\t\t}\n\t\t\t\/* see gallery_shortcode() in wp-includes\/media.php *\/\n\t\t<\/style>\n\t\t<div id='gallery-1' class='gallery galleryid-6714 gallery-columns-2 gallery-size-medium'><dl class='gallery-item'>\n\t\t\t<dt class='gallery-icon landscape'>\n\t\t\t\t<a data-elementor-open-lightbox=\"yes\" data-elementor-lightbox-slideshow=\"611fea4\" data-elementor-lightbox-title=\"ACUSTICA_n\" data-e-action-hash=\"#elementor-action%3Aaction%3Dlightbox%26settings%3DeyJpZCI6NjcyNSwidXJsIjoiaHR0cHM6XC9cL2plY3phLnJvXC93cC1jb250ZW50XC91cGxvYWRzXC8yMDI1XC8wMlwvQUNVU1RJQ0Ffbi5qcGciLCJzbGlkZXNob3ciOiI2MTFmZWE0In0%3D\" href='https:\/\/jecza.ro\/wp-content\/uploads\/2025\/02\/ACUSTICA_n.jpg'><img fetchpriority=\"high\" decoding=\"async\" width=\"300\" height=\"225\" src=\"https:\/\/jecza.ro\/wp-content\/uploads\/2025\/02\/ACUSTICA_n-300x225.jpg\" class=\"attachment-medium size-medium\" alt=\"\" srcset=\"https:\/\/jecza.ro\/wp-content\/uploads\/2025\/02\/ACUSTICA_n-300x225.jpg 300w, https:\/\/jecza.ro\/wp-content\/uploads\/2025\/02\/ACUSTICA_n-1024x768.jpg 1024w, https:\/\/jecza.ro\/wp-content\/uploads\/2025\/02\/ACUSTICA_n-768x576.jpg 768w, https:\/\/jecza.ro\/wp-content\/uploads\/2025\/02\/ACUSTICA_n-600x450.jpg 600w, https:\/\/jecza.ro\/wp-content\/uploads\/2025\/02\/ACUSTICA_n.jpg 1080w\" sizes=\"(max-width: 300px) 100vw, 300px\" \/><\/a>\n\t\t\t<\/dt><\/dl><dl class='gallery-item'>\n\t\t\t<dt class='gallery-icon landscape'>\n\t\t\t\t<a data-elementor-open-lightbox=\"yes\" data-elementor-lightbox-slideshow=\"611fea4\" data-elementor-lightbox-title=\"ANKE\" data-e-action-hash=\"#elementor-action%3Aaction%3Dlightbox%26settings%3DeyJpZCI6NjcyNCwidXJsIjoiaHR0cHM6XC9cL2plY3phLnJvXC93cC1jb250ZW50XC91cGxvYWRzXC8yMDI1XC8wMlwvQU5LRS5qcGciLCJzbGlkZXNob3ciOiI2MTFmZWE0In0%3D\" href='https:\/\/jecza.ro\/wp-content\/uploads\/2025\/02\/ANKE.jpg'><img decoding=\"async\" width=\"300\" height=\"225\" src=\"https:\/\/jecza.ro\/wp-content\/uploads\/2025\/02\/ANKE-300x225.jpg\" class=\"attachment-medium size-medium\" alt=\"\" srcset=\"https:\/\/jecza.ro\/wp-content\/uploads\/2025\/02\/ANKE-300x225.jpg 300w, https:\/\/jecza.ro\/wp-content\/uploads\/2025\/02\/ANKE-1024x768.jpg 1024w, https:\/\/jecza.ro\/wp-content\/uploads\/2025\/02\/ANKE-768x576.jpg 768w, https:\/\/jecza.ro\/wp-content\/uploads\/2025\/02\/ANKE-600x450.jpg 600w, https:\/\/jecza.ro\/wp-content\/uploads\/2025\/02\/ANKE.jpg 1080w\" sizes=\"(max-width: 300px) 100vw, 300px\" \/><\/a>\n\t\t\t<\/dt><\/dl><br style=\"clear: both\" \/><dl class='gallery-item'>\n\t\t\t<dt class='gallery-icon landscape'>\n\t\t\t\t<a data-elementor-open-lightbox=\"yes\" data-elementor-lightbox-slideshow=\"611fea4\" data-elementor-lightbox-title=\"APROPIERE\" data-e-action-hash=\"#elementor-action%3Aaction%3Dlightbox%26settings%3DeyJpZCI6NjcyMywidXJsIjoiaHR0cHM6XC9cL2plY3phLnJvXC93cC1jb250ZW50XC91cGxvYWRzXC8yMDI1XC8wMlwvQVBST1BJRVJFLmpwZyIsInNsaWRlc2hvdyI6IjYxMWZlYTQifQ%3D%3D\" href='https:\/\/jecza.ro\/wp-content\/uploads\/2025\/02\/APROPIERE.jpg'><img decoding=\"async\" width=\"300\" height=\"225\" src=\"https:\/\/jecza.ro\/wp-content\/uploads\/2025\/02\/APROPIERE-300x225.jpg\" class=\"attachment-medium size-medium\" alt=\"\" srcset=\"https:\/\/jecza.ro\/wp-content\/uploads\/2025\/02\/APROPIERE-300x225.jpg 300w, https:\/\/jecza.ro\/wp-content\/uploads\/2025\/02\/APROPIERE-1024x768.jpg 1024w, https:\/\/jecza.ro\/wp-content\/uploads\/2025\/02\/APROPIERE-768x576.jpg 768w, https:\/\/jecza.ro\/wp-content\/uploads\/2025\/02\/APROPIERE-600x450.jpg 600w, https:\/\/jecza.ro\/wp-content\/uploads\/2025\/02\/APROPIERE.jpg 1080w\" sizes=\"(max-width: 300px) 100vw, 300px\" \/><\/a>\n\t\t\t<\/dt><\/dl><dl class='gallery-item'>\n\t\t\t<dt class='gallery-icon landscape'>\n\t\t\t\t<a data-elementor-open-lightbox=\"yes\" data-elementor-lightbox-slideshow=\"611fea4\" data-elementor-lightbox-title=\"DETALII-EXPO\" data-e-action-hash=\"#elementor-action%3Aaction%3Dlightbox%26settings%3DeyJpZCI6NjcyMiwidXJsIjoiaHR0cHM6XC9cL2plY3phLnJvXC93cC1jb250ZW50XC91cGxvYWRzXC8yMDI1XC8wMlwvREVUQUxJSS1FWFBPLmpwZyIsInNsaWRlc2hvdyI6IjYxMWZlYTQifQ%3D%3D\" href='https:\/\/jecza.ro\/wp-content\/uploads\/2025\/02\/DETALII-EXPO.jpg'><img loading=\"lazy\" decoding=\"async\" width=\"300\" height=\"200\" src=\"https:\/\/jecza.ro\/wp-content\/uploads\/2025\/02\/DETALII-EXPO-300x200.jpg\" class=\"attachment-medium size-medium\" alt=\"\" srcset=\"https:\/\/jecza.ro\/wp-content\/uploads\/2025\/02\/DETALII-EXPO-300x200.jpg 300w, https:\/\/jecza.ro\/wp-content\/uploads\/2025\/02\/DETALII-EXPO-1024x683.jpg 1024w, https:\/\/jecza.ro\/wp-content\/uploads\/2025\/02\/DETALII-EXPO-768x512.jpg 768w, https:\/\/jecza.ro\/wp-content\/uploads\/2025\/02\/DETALII-EXPO-600x400.jpg 600w, https:\/\/jecza.ro\/wp-content\/uploads\/2025\/02\/DETALII-EXPO.jpg 1080w\" sizes=\"(max-width: 300px) 100vw, 300px\" \/><\/a>\n\t\t\t<\/dt><\/dl><br style=\"clear: both\" \/><dl class='gallery-item'>\n\t\t\t<dt class='gallery-icon landscape'>\n\t\t\t\t<a data-elementor-open-lightbox=\"yes\" data-elementor-lightbox-slideshow=\"611fea4\" data-elementor-lightbox-title=\"OGLINZI-OARBE\" data-e-action-hash=\"#elementor-action%3Aaction%3Dlightbox%26settings%3DeyJpZCI6NjcyNiwidXJsIjoiaHR0cHM6XC9cL2plY3phLnJvXC93cC1jb250ZW50XC91cGxvYWRzXC8yMDI1XC8wMlwvT0dMSU5aSS1PQVJCRS5qcGciLCJzbGlkZXNob3ciOiI2MTFmZWE0In0%3D\" href='https:\/\/jecza.ro\/wp-content\/uploads\/2025\/02\/OGLINZI-OARBE.jpg'><img loading=\"lazy\" decoding=\"async\" width=\"300\" height=\"200\" src=\"https:\/\/jecza.ro\/wp-content\/uploads\/2025\/02\/OGLINZI-OARBE-300x200.jpg\" class=\"attachment-medium size-medium\" alt=\"\" srcset=\"https:\/\/jecza.ro\/wp-content\/uploads\/2025\/02\/OGLINZI-OARBE-300x200.jpg 300w, https:\/\/jecza.ro\/wp-content\/uploads\/2025\/02\/OGLINZI-OARBE-1024x683.jpg 1024w, https:\/\/jecza.ro\/wp-content\/uploads\/2025\/02\/OGLINZI-OARBE-768x512.jpg 768w, https:\/\/jecza.ro\/wp-content\/uploads\/2025\/02\/OGLINZI-OARBE-600x400.jpg 600w, https:\/\/jecza.ro\/wp-content\/uploads\/2025\/02\/OGLINZI-OARBE.jpg 1080w\" sizes=\"(max-width: 300px) 100vw, 300px\" \/><\/a>\n\t\t\t<\/dt><\/dl><dl class='gallery-item'>\n\t\t\t<dt class='gallery-icon landscape'>\n\t\t\t\t<a data-elementor-open-lightbox=\"yes\" data-elementor-lightbox-slideshow=\"611fea4\" data-elementor-lightbox-title=\"Pliant-Jecza-lectia-MOGOSOAIA\" data-e-action-hash=\"#elementor-action%3Aaction%3Dlightbox%26settings%3DeyJpZCI6NjcyMSwidXJsIjoiaHR0cHM6XC9cL2plY3phLnJvXC93cC1jb250ZW50XC91cGxvYWRzXC8yMDI1XC8wMlwvUGxpYW50LUplY3phLWxlY3RpYS1NT0dPU09BSUEuanBnIiwic2xpZGVzaG93IjoiNjExZmVhNCJ9\" href='https:\/\/jecza.ro\/wp-content\/uploads\/2025\/02\/Pliant-Jecza-lectia-MOGOSOAIA.jpg'><img loading=\"lazy\" decoding=\"async\" width=\"300\" height=\"216\" src=\"https:\/\/jecza.ro\/wp-content\/uploads\/2025\/02\/Pliant-Jecza-lectia-MOGOSOAIA-300x216.jpg\" class=\"attachment-medium size-medium\" alt=\"\" srcset=\"https:\/\/jecza.ro\/wp-content\/uploads\/2025\/02\/Pliant-Jecza-lectia-MOGOSOAIA-300x216.jpg 300w, https:\/\/jecza.ro\/wp-content\/uploads\/2025\/02\/Pliant-Jecza-lectia-MOGOSOAIA-1024x736.jpg 1024w, https:\/\/jecza.ro\/wp-content\/uploads\/2025\/02\/Pliant-Jecza-lectia-MOGOSOAIA-768x552.jpg 768w, https:\/\/jecza.ro\/wp-content\/uploads\/2025\/02\/Pliant-Jecza-lectia-MOGOSOAIA-600x431.jpg 600w, https:\/\/jecza.ro\/wp-content\/uploads\/2025\/02\/Pliant-Jecza-lectia-MOGOSOAIA.jpg 1080w\" sizes=\"(max-width: 300px) 100vw, 300px\" \/><\/a>\n\t\t\t<\/dt><\/dl><br style=\"clear: both\" \/><dl class='gallery-item'>\n\t\t\t<dt class='gallery-icon landscape'>\n\t\t\t\t<a data-elementor-open-lightbox=\"yes\" data-elementor-lightbox-slideshow=\"611fea4\" data-elementor-lightbox-title=\"SALA-MONADELOR-MICI\" data-e-action-hash=\"#elementor-action%3Aaction%3Dlightbox%26settings%3DeyJpZCI6NjcyMCwidXJsIjoiaHR0cHM6XC9cL2plY3phLnJvXC93cC1jb250ZW50XC91cGxvYWRzXC8yMDI1XC8wMlwvU0FMQS1NT05BREVMT1ItTUlDSS5qcGciLCJzbGlkZXNob3ciOiI2MTFmZWE0In0%3D\" href='https:\/\/jecza.ro\/wp-content\/uploads\/2025\/02\/SALA-MONADELOR-MICI.jpg'><img loading=\"lazy\" decoding=\"async\" width=\"300\" height=\"225\" src=\"https:\/\/jecza.ro\/wp-content\/uploads\/2025\/02\/SALA-MONADELOR-MICI-300x225.jpg\" class=\"attachment-medium size-medium\" alt=\"\" srcset=\"https:\/\/jecza.ro\/wp-content\/uploads\/2025\/02\/SALA-MONADELOR-MICI-300x225.jpg 300w, https:\/\/jecza.ro\/wp-content\/uploads\/2025\/02\/SALA-MONADELOR-MICI-1024x768.jpg 1024w, https:\/\/jecza.ro\/wp-content\/uploads\/2025\/02\/SALA-MONADELOR-MICI-768x576.jpg 768w, https:\/\/jecza.ro\/wp-content\/uploads\/2025\/02\/SALA-MONADELOR-MICI-600x450.jpg 600w, https:\/\/jecza.ro\/wp-content\/uploads\/2025\/02\/SALA-MONADELOR-MICI.jpg 1080w\" sizes=\"(max-width: 300px) 100vw, 300px\" \/><\/a>\n\t\t\t<\/dt><\/dl><dl class='gallery-item'>\n\t\t\t<dt class='gallery-icon landscape'>\n\t\t\t\t<a data-elementor-open-lightbox=\"yes\" data-elementor-lightbox-slideshow=\"611fea4\" data-elementor-lightbox-title=\"UNIVERS-DANTESC-2\" data-e-action-hash=\"#elementor-action%3Aaction%3Dlightbox%26settings%3DeyJpZCI6NjcxOSwidXJsIjoiaHR0cHM6XC9cL2plY3phLnJvXC93cC1jb250ZW50XC91cGxvYWRzXC8yMDI1XC8wMlwvVU5JVkVSUy1EQU5URVNDLTIuanBnIiwic2xpZGVzaG93IjoiNjExZmVhNCJ9\" href='https:\/\/jecza.ro\/wp-content\/uploads\/2025\/02\/UNIVERS-DANTESC-2.jpg'><img loading=\"lazy\" decoding=\"async\" width=\"300\" height=\"200\" src=\"https:\/\/jecza.ro\/wp-content\/uploads\/2025\/02\/UNIVERS-DANTESC-2-300x200.jpg\" class=\"attachment-medium size-medium\" alt=\"\" srcset=\"https:\/\/jecza.ro\/wp-content\/uploads\/2025\/02\/UNIVERS-DANTESC-2-300x200.jpg 300w, https:\/\/jecza.ro\/wp-content\/uploads\/2025\/02\/UNIVERS-DANTESC-2-1024x683.jpg 1024w, https:\/\/jecza.ro\/wp-content\/uploads\/2025\/02\/UNIVERS-DANTESC-2-768x512.jpg 768w, https:\/\/jecza.ro\/wp-content\/uploads\/2025\/02\/UNIVERS-DANTESC-2-600x400.jpg 600w, https:\/\/jecza.ro\/wp-content\/uploads\/2025\/02\/UNIVERS-DANTESC-2.jpg 1080w\" sizes=\"(max-width: 300px) 100vw, 300px\" \/><\/a>\n\t\t\t<\/dt><\/dl><br style=\"clear: both\" \/>\n\t\t<\/div>\n\t\t<\/div>\n\t\t\t\t\t\t<\/div>\n\t\t\t\t<\/div>\n\t\t\t\t\t<\/div>\n\t\t\t\t<\/div>\n\t\t\t\t<\/div>\n\t\t","protected":false},"excerpt":{"rendered":"<p>PETER JECZA. LEC\u021aIE DESPRE IMPERFEC\u021aIUNE 23 septembrie \u2013 25 octombrie 2017 Ini\u021biatorul expozi\u021biei: Funda\u021bia Interart TRIADE, \u00een cadrul programului Memoria Jecza Parteneri: Centrul Cultural Palatele Br\u00e2ncovene\u0219ti Mogo\u0219oaia\u00a0 Curator: M\u0103d\u0103lina Mirea\u00a0 Cuv\u00e2nt de deschidere: Doina M\u00e2ndru Microrecital de violoncel: Alexandra Gu\u021bu \u0219i Marin Cazacu\u00a0 Lucr\u0103ri din colec\u0163iile Muzeului de Art\u0103 Timi\u0219oara, Muzeului Na\u021bional Secuiesc Sf. Gheorghe, [&hellip;]<\/p>\n","protected":false},"author":2,"featured_media":0,"parent":0,"menu_order":0,"comment_status":"closed","ping_status":"closed","template":"","meta":{"_acf_changed":false,"give_campaign_id":0,"footnotes":""},"class_list":["post-6714","page","type-page","status-publish","hentry"],"acf":[],"yoast_head":"<!-- This site is optimized with the Yoast SEO plugin v25.3.1 - https:\/\/yoast.com\/wordpress\/plugins\/seo\/ -->\n<title>2017. Palatele Br\u00e2ncovene\u0219ti, Mogo\u0219oaia - Jecza Museum<\/title>\n<meta name=\"robots\" content=\"index, follow, max-snippet:-1, max-image-preview:large, max-video-preview:-1\" \/>\n<link rel=\"canonical\" href=\"https:\/\/jecza.ro\/index.php\/2017-palatele-brancovenesti-mogosoaia\/\" \/>\n<meta property=\"og:locale\" content=\"en_US\" \/>\n<meta property=\"og:type\" content=\"article\" \/>\n<meta property=\"og:title\" content=\"2017. Palatele Br\u00e2ncovene\u0219ti, Mogo\u0219oaia - Jecza Museum\" \/>\n<meta property=\"og:description\" content=\"PETER JECZA. LEC\u021aIE DESPRE IMPERFEC\u021aIUNE 23 septembrie \u2013 25 octombrie 2017 Ini\u021biatorul expozi\u021biei: Funda\u021bia Interart TRIADE, \u00een cadrul programului Memoria Jecza Parteneri: Centrul Cultural Palatele Br\u00e2ncovene\u0219ti Mogo\u0219oaia\u00a0 Curator: M\u0103d\u0103lina Mirea\u00a0 Cuv\u00e2nt de deschidere: Doina M\u00e2ndru Microrecital de violoncel: Alexandra Gu\u021bu \u0219i Marin Cazacu\u00a0 Lucr\u0103ri din colec\u0163iile Muzeului de Art\u0103 Timi\u0219oara, Muzeului Na\u021bional Secuiesc Sf. Gheorghe, [&hellip;]\" \/>\n<meta property=\"og:url\" content=\"https:\/\/jecza.ro\/index.php\/2017-palatele-brancovenesti-mogosoaia\/\" \/>\n<meta property=\"og:site_name\" content=\"Jecza Museum\" \/>\n<meta property=\"article:modified_time\" content=\"2025-02-03T03:37:14+00:00\" \/>\n<meta property=\"og:image\" content=\"https:\/\/jecza.ro\/wp-content\/uploads\/2025\/02\/ACUSTICA_n-300x225.jpg\" \/>\n<meta name=\"twitter:card\" content=\"summary_large_image\" \/>\n<meta name=\"twitter:label1\" content=\"Est. reading time\" \/>\n\t<meta name=\"twitter:data1\" content=\"3 minutes\" \/>\n<script type=\"application\/ld+json\" class=\"yoast-schema-graph\">{\"@context\":\"https:\/\/schema.org\",\"@graph\":[{\"@type\":\"WebPage\",\"@id\":\"https:\/\/jecza.ro\/index.php\/2017-palatele-brancovenesti-mogosoaia\/\",\"url\":\"https:\/\/jecza.ro\/index.php\/2017-palatele-brancovenesti-mogosoaia\/\",\"name\":\"2017. Palatele Br\u00e2ncovene\u0219ti, Mogo\u0219oaia - Jecza Museum\",\"isPartOf\":{\"@id\":\"https:\/\/jecza.ro\/#website\"},\"primaryImageOfPage\":{\"@id\":\"https:\/\/jecza.ro\/index.php\/2017-palatele-brancovenesti-mogosoaia\/#primaryimage\"},\"image\":{\"@id\":\"https:\/\/jecza.ro\/index.php\/2017-palatele-brancovenesti-mogosoaia\/#primaryimage\"},\"thumbnailUrl\":\"https:\/\/jecza.ro\/wp-content\/uploads\/2025\/02\/ACUSTICA_n-300x225.jpg\",\"datePublished\":\"2025-02-03T03:31:50+00:00\",\"dateModified\":\"2025-02-03T03:37:14+00:00\",\"breadcrumb\":{\"@id\":\"https:\/\/jecza.ro\/index.php\/2017-palatele-brancovenesti-mogosoaia\/#breadcrumb\"},\"inLanguage\":\"en-US\",\"potentialAction\":[{\"@type\":\"ReadAction\",\"target\":[\"https:\/\/jecza.ro\/index.php\/2017-palatele-brancovenesti-mogosoaia\/\"]}]},{\"@type\":\"ImageObject\",\"inLanguage\":\"en-US\",\"@id\":\"https:\/\/jecza.ro\/index.php\/2017-palatele-brancovenesti-mogosoaia\/#primaryimage\",\"url\":\"https:\/\/jecza.ro\/wp-content\/uploads\/2025\/02\/ACUSTICA_n.jpg\",\"contentUrl\":\"https:\/\/jecza.ro\/wp-content\/uploads\/2025\/02\/ACUSTICA_n.jpg\",\"width\":1080,\"height\":810},{\"@type\":\"BreadcrumbList\",\"@id\":\"https:\/\/jecza.ro\/index.php\/2017-palatele-brancovenesti-mogosoaia\/#breadcrumb\",\"itemListElement\":[{\"@type\":\"ListItem\",\"position\":1,\"name\":\"Home\",\"item\":\"https:\/\/jecza.ro\/\"},{\"@type\":\"ListItem\",\"position\":2,\"name\":\"2017. Palatele Br\u00e2ncovene\u0219ti, Mogo\u0219oaia\"}]},{\"@type\":\"WebSite\",\"@id\":\"https:\/\/jecza.ro\/#website\",\"url\":\"https:\/\/jecza.ro\/\",\"name\":\"Jecza Museum\",\"description\":\"\",\"publisher\":{\"@id\":\"https:\/\/jecza.ro\/#organization\"},\"potentialAction\":[{\"@type\":\"SearchAction\",\"target\":{\"@type\":\"EntryPoint\",\"urlTemplate\":\"https:\/\/jecza.ro\/?s={search_term_string}\"},\"query-input\":{\"@type\":\"PropertyValueSpecification\",\"valueRequired\":true,\"valueName\":\"search_term_string\"}}],\"inLanguage\":\"en-US\"},{\"@type\":\"Organization\",\"@id\":\"https:\/\/jecza.ro\/#organization\",\"name\":\"Jecza Museum\",\"url\":\"https:\/\/jecza.ro\/\",\"logo\":{\"@type\":\"ImageObject\",\"inLanguage\":\"en-US\",\"@id\":\"https:\/\/jecza.ro\/#\/schema\/logo\/image\/\",\"url\":\"https:\/\/jecza.ro\/wp-content\/uploads\/2024\/11\/cropped-Jecza-museum-logo-white.png\",\"contentUrl\":\"https:\/\/jecza.ro\/wp-content\/uploads\/2024\/11\/cropped-Jecza-museum-logo-white.png\",\"width\":512,\"height\":512,\"caption\":\"Jecza Museum\"},\"image\":{\"@id\":\"https:\/\/jecza.ro\/#\/schema\/logo\/image\/\"}}]}<\/script>\n<!-- \/ Yoast SEO plugin. -->","yoast_head_json":{"title":"2017. Palatele Br\u00e2ncovene\u0219ti, Mogo\u0219oaia - Jecza Museum","robots":{"index":"index","follow":"follow","max-snippet":"max-snippet:-1","max-image-preview":"max-image-preview:large","max-video-preview":"max-video-preview:-1"},"canonical":"https:\/\/jecza.ro\/index.php\/2017-palatele-brancovenesti-mogosoaia\/","og_locale":"en_US","og_type":"article","og_title":"2017. Palatele Br\u00e2ncovene\u0219ti, Mogo\u0219oaia - Jecza Museum","og_description":"PETER JECZA. LEC\u021aIE DESPRE IMPERFEC\u021aIUNE 23 septembrie \u2013 25 octombrie 2017 Ini\u021biatorul expozi\u021biei: Funda\u021bia Interart TRIADE, \u00een cadrul programului Memoria Jecza Parteneri: Centrul Cultural Palatele Br\u00e2ncovene\u0219ti Mogo\u0219oaia\u00a0 Curator: M\u0103d\u0103lina Mirea\u00a0 Cuv\u00e2nt de deschidere: Doina M\u00e2ndru Microrecital de violoncel: Alexandra Gu\u021bu \u0219i Marin Cazacu\u00a0 Lucr\u0103ri din colec\u0163iile Muzeului de Art\u0103 Timi\u0219oara, Muzeului Na\u021bional Secuiesc Sf. Gheorghe, [&hellip;]","og_url":"https:\/\/jecza.ro\/index.php\/2017-palatele-brancovenesti-mogosoaia\/","og_site_name":"Jecza Museum","article_modified_time":"2025-02-03T03:37:14+00:00","og_image":[{"url":"https:\/\/jecza.ro\/wp-content\/uploads\/2025\/02\/ACUSTICA_n-300x225.jpg","type":"","width":"","height":""}],"twitter_card":"summary_large_image","twitter_misc":{"Est. reading time":"3 minutes"},"schema":{"@context":"https:\/\/schema.org","@graph":[{"@type":"WebPage","@id":"https:\/\/jecza.ro\/index.php\/2017-palatele-brancovenesti-mogosoaia\/","url":"https:\/\/jecza.ro\/index.php\/2017-palatele-brancovenesti-mogosoaia\/","name":"2017. Palatele Br\u00e2ncovene\u0219ti, Mogo\u0219oaia - Jecza Museum","isPartOf":{"@id":"https:\/\/jecza.ro\/#website"},"primaryImageOfPage":{"@id":"https:\/\/jecza.ro\/index.php\/2017-palatele-brancovenesti-mogosoaia\/#primaryimage"},"image":{"@id":"https:\/\/jecza.ro\/index.php\/2017-palatele-brancovenesti-mogosoaia\/#primaryimage"},"thumbnailUrl":"https:\/\/jecza.ro\/wp-content\/uploads\/2025\/02\/ACUSTICA_n-300x225.jpg","datePublished":"2025-02-03T03:31:50+00:00","dateModified":"2025-02-03T03:37:14+00:00","breadcrumb":{"@id":"https:\/\/jecza.ro\/index.php\/2017-palatele-brancovenesti-mogosoaia\/#breadcrumb"},"inLanguage":"en-US","potentialAction":[{"@type":"ReadAction","target":["https:\/\/jecza.ro\/index.php\/2017-palatele-brancovenesti-mogosoaia\/"]}]},{"@type":"ImageObject","inLanguage":"en-US","@id":"https:\/\/jecza.ro\/index.php\/2017-palatele-brancovenesti-mogosoaia\/#primaryimage","url":"https:\/\/jecza.ro\/wp-content\/uploads\/2025\/02\/ACUSTICA_n.jpg","contentUrl":"https:\/\/jecza.ro\/wp-content\/uploads\/2025\/02\/ACUSTICA_n.jpg","width":1080,"height":810},{"@type":"BreadcrumbList","@id":"https:\/\/jecza.ro\/index.php\/2017-palatele-brancovenesti-mogosoaia\/#breadcrumb","itemListElement":[{"@type":"ListItem","position":1,"name":"Home","item":"https:\/\/jecza.ro\/"},{"@type":"ListItem","position":2,"name":"2017. Palatele Br\u00e2ncovene\u0219ti, Mogo\u0219oaia"}]},{"@type":"WebSite","@id":"https:\/\/jecza.ro\/#website","url":"https:\/\/jecza.ro\/","name":"Jecza Museum","description":"","publisher":{"@id":"https:\/\/jecza.ro\/#organization"},"potentialAction":[{"@type":"SearchAction","target":{"@type":"EntryPoint","urlTemplate":"https:\/\/jecza.ro\/?s={search_term_string}"},"query-input":{"@type":"PropertyValueSpecification","valueRequired":true,"valueName":"search_term_string"}}],"inLanguage":"en-US"},{"@type":"Organization","@id":"https:\/\/jecza.ro\/#organization","name":"Jecza Museum","url":"https:\/\/jecza.ro\/","logo":{"@type":"ImageObject","inLanguage":"en-US","@id":"https:\/\/jecza.ro\/#\/schema\/logo\/image\/","url":"https:\/\/jecza.ro\/wp-content\/uploads\/2024\/11\/cropped-Jecza-museum-logo-white.png","contentUrl":"https:\/\/jecza.ro\/wp-content\/uploads\/2024\/11\/cropped-Jecza-museum-logo-white.png","width":512,"height":512,"caption":"Jecza Museum"},"image":{"@id":"https:\/\/jecza.ro\/#\/schema\/logo\/image\/"}}]}},"campaignId":"","_links":{"self":[{"href":"https:\/\/jecza.ro\/index.php\/wp-json\/wp\/v2\/pages\/6714","targetHints":{"allow":["GET"]}}],"collection":[{"href":"https:\/\/jecza.ro\/index.php\/wp-json\/wp\/v2\/pages"}],"about":[{"href":"https:\/\/jecza.ro\/index.php\/wp-json\/wp\/v2\/types\/page"}],"author":[{"embeddable":true,"href":"https:\/\/jecza.ro\/index.php\/wp-json\/wp\/v2\/users\/2"}],"replies":[{"embeddable":true,"href":"https:\/\/jecza.ro\/index.php\/wp-json\/wp\/v2\/comments?post=6714"}],"version-history":[{"count":13,"href":"https:\/\/jecza.ro\/index.php\/wp-json\/wp\/v2\/pages\/6714\/revisions"}],"predecessor-version":[{"id":6738,"href":"https:\/\/jecza.ro\/index.php\/wp-json\/wp\/v2\/pages\/6714\/revisions\/6738"}],"wp:attachment":[{"href":"https:\/\/jecza.ro\/index.php\/wp-json\/wp\/v2\/media?parent=6714"}],"curies":[{"name":"wp","href":"https:\/\/api.w.org\/{rel}","templated":true}]}}