{"id":6448,"date":"2025-02-02T22:00:03","date_gmt":"2025-02-02T22:00:03","guid":{"rendered":"https:\/\/dev.cm.upt.ro\/jecza\/?page_id=6448"},"modified":"2025-02-09T18:39:58","modified_gmt":"2025-02-09T18:39:58","slug":"tur-virtual","status":"publish","type":"page","link":"https:\/\/jecza.ro\/index.php\/tur-virtual\/","title":{"rendered":"Tur virtual"},"content":{"rendered":"\t\t<div data-elementor-type=\"wp-page\" data-elementor-id=\"6448\" class=\"elementor elementor-6448\">\n\t\t\t\t<div class=\"elementor-element elementor-element-2c37717 e-flex e-con-boxed e-con e-parent\" data-id=\"2c37717\" data-element_type=\"container\">\n\t\t\t\t\t<div class=\"e-con-inner\">\n\t\t\t\t<div class=\"elementor-element elementor-element-83c1c62 elementor-widget elementor-widget-text-editor\" data-id=\"83c1c62\" data-element_type=\"widget\" data-widget_type=\"text-editor.default\">\n\t\t\t\t<div class=\"elementor-widget-container\">\n\t\t\t\t\t\t\t\t\t<p>Lucr\u0103rile sculptorului Peter Jecza \u00ee\u0219i au de peste 20 de ani spa\u021biul care le pune \u00een valoare. Cunoscut, generic, drept Casa Jecza, acest spa\u021biu \u0219i-a delimitat, \u00een timp, func\u021bii distincte, sub\u00eemp\u0103r\u021bindu-se \u0219i redefinindu-se \u00een consecin\u021b\u0103. \u00cemp\u0103r\u021bite \u00eentre Galeria mare, Galeria mic\u0103, Pasajul de la balcon sau Biblioteca din mansard\u0103, lucr\u0103rile se ofer\u0103 vizitatorului care parcurge turul virtual, l\u0103s\u00e2ndu-l s\u0103 simt\u0103 atmosfera locului care le g\u0103zduie\u0219te.<\/p>\t\t\t\t\t\t\t\t<\/div>\n\t\t\t\t<\/div>\n\t\t\t\t\t<\/div>\n\t\t\t\t<\/div>\n\t\t<div class=\"elementor-element elementor-element-7cabffa e-flex e-con-boxed e-con e-parent\" data-id=\"7cabffa\" data-element_type=\"container\">\n\t\t\t\t\t<div class=\"e-con-inner\">\n\t\t\t\t\t<\/div>\n\t\t\t\t<\/div>\n\t\t<div class=\"elementor-element elementor-element-a79af02 e-flex e-con-boxed e-con e-parent\" data-id=\"a79af02\" data-element_type=\"container\">\n\t\t\t\t\t<div class=\"e-con-inner\">\n\t\t\t\t<div class=\"elementor-element elementor-element-7030a2a elementor-widget elementor-widget-text-editor\" data-id=\"7030a2a\" data-element_type=\"widget\" data-widget_type=\"text-editor.default\">\n\t\t\t\t<div class=\"elementor-widget-container\">\n\t\t\t\t\t\t\t\t\t<iframe src=\"https:\/\/app.lapentor.com\/sphere\/muzeu-jezca\" width=\"100%\" height=\"500px\" frameborder=\"0\" scrolling=\"no\" allowfullscreen=\"allowfullscreen\"><span data-mce-type=\"bookmark\" style=\"display: inline-block; width: 0px; overflow: hidden; line-height: 0;\" class=\"mce_SELRES_start\">\ufeff<\/span><\/iframe>\t\t\t\t\t\t\t\t<\/div>\n\t\t\t\t<\/div>\n\t\t\t\t\t<\/div>\n\t\t\t\t<\/div>\n\t\t\t\t<\/div>\n\t\t","protected":false},"excerpt":{"rendered":"<p>Lucr\u0103rile sculptorului Peter Jecza \u00ee\u0219i au de peste 20 de ani spa\u021biul care le pune \u00een valoare. Cunoscut, generic, drept Casa Jecza, acest spa\u021biu \u0219i-a delimitat, \u00een timp, func\u021bii distincte, sub\u00eemp\u0103r\u021bindu-se \u0219i redefinindu-se \u00een consecin\u021b\u0103. \u00cemp\u0103r\u021bite \u00eentre Galeria mare, Galeria mic\u0103, Pasajul de la balcon sau Biblioteca din mansard\u0103, lucr\u0103rile se ofer\u0103 vizitatorului care parcurge [&hellip;]<\/p>\n","protected":false},"author":2,"featured_media":0,"parent":0,"menu_order":0,"comment_status":"closed","ping_status":"closed","template":"","meta":{"_acf_changed":false,"give_campaign_id":0,"footnotes":""},"class_list":["post-6448","page","type-page","status-publish","hentry"],"acf":[],"yoast_head":"<!-- This site is optimized with the Yoast SEO plugin v25.3.1 - https:\/\/yoast.com\/wordpress\/plugins\/seo\/ -->\n<title>Tur virtual - Jecza Museum<\/title>\n<meta name=\"robots\" content=\"index, follow, max-snippet:-1, max-image-preview:large, max-video-preview:-1\" \/>\n<link rel=\"canonical\" href=\"https:\/\/jecza.ro\/index.php\/tur-virtual\/\" \/>\n<meta property=\"og:locale\" content=\"en_US\" \/>\n<meta property=\"og:type\" content=\"article\" \/>\n<meta property=\"og:title\" content=\"Tur virtual - Jecza Museum\" \/>\n<meta property=\"og:description\" content=\"Lucr\u0103rile sculptorului Peter Jecza \u00ee\u0219i au de peste 20 de ani spa\u021biul care le pune \u00een valoare. Cunoscut, generic, drept Casa Jecza, acest spa\u021biu \u0219i-a delimitat, \u00een timp, func\u021bii distincte, sub\u00eemp\u0103r\u021bindu-se \u0219i redefinindu-se \u00een consecin\u021b\u0103. \u00cemp\u0103r\u021bite \u00eentre Galeria mare, Galeria mic\u0103, Pasajul de la balcon sau Biblioteca din mansard\u0103, lucr\u0103rile se ofer\u0103 vizitatorului care parcurge [&hellip;]\" \/>\n<meta property=\"og:url\" content=\"https:\/\/jecza.ro\/index.php\/tur-virtual\/\" \/>\n<meta property=\"og:site_name\" content=\"Jecza Museum\" \/>\n<meta property=\"article:modified_time\" content=\"2025-02-09T18:39:58+00:00\" \/>\n<meta name=\"twitter:card\" content=\"summary_large_image\" \/>\n<meta name=\"twitter:label1\" content=\"Est. reading time\" \/>\n\t<meta name=\"twitter:data1\" content=\"1 minute\" \/>\n<script type=\"application\/ld+json\" class=\"yoast-schema-graph\">{\"@context\":\"https:\/\/schema.org\",\"@graph\":[{\"@type\":\"WebPage\",\"@id\":\"https:\/\/jecza.ro\/index.php\/tur-virtual\/\",\"url\":\"https:\/\/jecza.ro\/index.php\/tur-virtual\/\",\"name\":\"Tur virtual - Jecza Museum\",\"isPartOf\":{\"@id\":\"https:\/\/jecza.ro\/#website\"},\"datePublished\":\"2025-02-02T22:00:03+00:00\",\"dateModified\":\"2025-02-09T18:39:58+00:00\",\"breadcrumb\":{\"@id\":\"https:\/\/jecza.ro\/index.php\/tur-virtual\/#breadcrumb\"},\"inLanguage\":\"en-US\",\"potentialAction\":[{\"@type\":\"ReadAction\",\"target\":[\"https:\/\/jecza.ro\/index.php\/tur-virtual\/\"]}]},{\"@type\":\"BreadcrumbList\",\"@id\":\"https:\/\/jecza.ro\/index.php\/tur-virtual\/#breadcrumb\",\"itemListElement\":[{\"@type\":\"ListItem\",\"position\":1,\"name\":\"Home\",\"item\":\"https:\/\/jecza.ro\/\"},{\"@type\":\"ListItem\",\"position\":2,\"name\":\"Tur virtual\"}]},{\"@type\":\"WebSite\",\"@id\":\"https:\/\/jecza.ro\/#website\",\"url\":\"https:\/\/jecza.ro\/\",\"name\":\"Jecza Museum\",\"description\":\"\",\"publisher\":{\"@id\":\"https:\/\/jecza.ro\/#organization\"},\"potentialAction\":[{\"@type\":\"SearchAction\",\"target\":{\"@type\":\"EntryPoint\",\"urlTemplate\":\"https:\/\/jecza.ro\/?s={search_term_string}\"},\"query-input\":{\"@type\":\"PropertyValueSpecification\",\"valueRequired\":true,\"valueName\":\"search_term_string\"}}],\"inLanguage\":\"en-US\"},{\"@type\":\"Organization\",\"@id\":\"https:\/\/jecza.ro\/#organization\",\"name\":\"Jecza Museum\",\"url\":\"https:\/\/jecza.ro\/\",\"logo\":{\"@type\":\"ImageObject\",\"inLanguage\":\"en-US\",\"@id\":\"https:\/\/jecza.ro\/#\/schema\/logo\/image\/\",\"url\":\"https:\/\/jecza.ro\/wp-content\/uploads\/2024\/11\/cropped-Jecza-museum-logo-white.png\",\"contentUrl\":\"https:\/\/jecza.ro\/wp-content\/uploads\/2024\/11\/cropped-Jecza-museum-logo-white.png\",\"width\":512,\"height\":512,\"caption\":\"Jecza Museum\"},\"image\":{\"@id\":\"https:\/\/jecza.ro\/#\/schema\/logo\/image\/\"}}]}<\/script>\n<!-- \/ Yoast SEO plugin. -->","yoast_head_json":{"title":"Tur virtual - Jecza Museum","robots":{"index":"index","follow":"follow","max-snippet":"max-snippet:-1","max-image-preview":"max-image-preview:large","max-video-preview":"max-video-preview:-1"},"canonical":"https:\/\/jecza.ro\/index.php\/tur-virtual\/","og_locale":"en_US","og_type":"article","og_title":"Tur virtual - Jecza Museum","og_description":"Lucr\u0103rile sculptorului Peter Jecza \u00ee\u0219i au de peste 20 de ani spa\u021biul care le pune \u00een valoare. Cunoscut, generic, drept Casa Jecza, acest spa\u021biu \u0219i-a delimitat, \u00een timp, func\u021bii distincte, sub\u00eemp\u0103r\u021bindu-se \u0219i redefinindu-se \u00een consecin\u021b\u0103. \u00cemp\u0103r\u021bite \u00eentre Galeria mare, Galeria mic\u0103, Pasajul de la balcon sau Biblioteca din mansard\u0103, lucr\u0103rile se ofer\u0103 vizitatorului care parcurge [&hellip;]","og_url":"https:\/\/jecza.ro\/index.php\/tur-virtual\/","og_site_name":"Jecza Museum","article_modified_time":"2025-02-09T18:39:58+00:00","twitter_card":"summary_large_image","twitter_misc":{"Est. reading time":"1 minute"},"schema":{"@context":"https:\/\/schema.org","@graph":[{"@type":"WebPage","@id":"https:\/\/jecza.ro\/index.php\/tur-virtual\/","url":"https:\/\/jecza.ro\/index.php\/tur-virtual\/","name":"Tur virtual - Jecza Museum","isPartOf":{"@id":"https:\/\/jecza.ro\/#website"},"datePublished":"2025-02-02T22:00:03+00:00","dateModified":"2025-02-09T18:39:58+00:00","breadcrumb":{"@id":"https:\/\/jecza.ro\/index.php\/tur-virtual\/#breadcrumb"},"inLanguage":"en-US","potentialAction":[{"@type":"ReadAction","target":["https:\/\/jecza.ro\/index.php\/tur-virtual\/"]}]},{"@type":"BreadcrumbList","@id":"https:\/\/jecza.ro\/index.php\/tur-virtual\/#breadcrumb","itemListElement":[{"@type":"ListItem","position":1,"name":"Home","item":"https:\/\/jecza.ro\/"},{"@type":"ListItem","position":2,"name":"Tur virtual"}]},{"@type":"WebSite","@id":"https:\/\/jecza.ro\/#website","url":"https:\/\/jecza.ro\/","name":"Jecza Museum","description":"","publisher":{"@id":"https:\/\/jecza.ro\/#organization"},"potentialAction":[{"@type":"SearchAction","target":{"@type":"EntryPoint","urlTemplate":"https:\/\/jecza.ro\/?s={search_term_string}"},"query-input":{"@type":"PropertyValueSpecification","valueRequired":true,"valueName":"search_term_string"}}],"inLanguage":"en-US"},{"@type":"Organization","@id":"https:\/\/jecza.ro\/#organization","name":"Jecza Museum","url":"https:\/\/jecza.ro\/","logo":{"@type":"ImageObject","inLanguage":"en-US","@id":"https:\/\/jecza.ro\/#\/schema\/logo\/image\/","url":"https:\/\/jecza.ro\/wp-content\/uploads\/2024\/11\/cropped-Jecza-museum-logo-white.png","contentUrl":"https:\/\/jecza.ro\/wp-content\/uploads\/2024\/11\/cropped-Jecza-museum-logo-white.png","width":512,"height":512,"caption":"Jecza Museum"},"image":{"@id":"https:\/\/jecza.ro\/#\/schema\/logo\/image\/"}}]}},"campaignId":"","_links":{"self":[{"href":"https:\/\/jecza.ro\/index.php\/wp-json\/wp\/v2\/pages\/6448","targetHints":{"allow":["GET"]}}],"collection":[{"href":"https:\/\/jecza.ro\/index.php\/wp-json\/wp\/v2\/pages"}],"about":[{"href":"https:\/\/jecza.ro\/index.php\/wp-json\/wp\/v2\/types\/page"}],"author":[{"embeddable":true,"href":"https:\/\/jecza.ro\/index.php\/wp-json\/wp\/v2\/users\/2"}],"replies":[{"embeddable":true,"href":"https:\/\/jecza.ro\/index.php\/wp-json\/wp\/v2\/comments?post=6448"}],"version-history":[{"count":15,"href":"https:\/\/jecza.ro\/index.php\/wp-json\/wp\/v2\/pages\/6448\/revisions"}],"predecessor-version":[{"id":7020,"href":"https:\/\/jecza.ro\/index.php\/wp-json\/wp\/v2\/pages\/6448\/revisions\/7020"}],"wp:attachment":[{"href":"https:\/\/jecza.ro\/index.php\/wp-json\/wp\/v2\/media?parent=6448"}],"curies":[{"name":"wp","href":"https:\/\/api.w.org\/{rel}","templated":true}]}}