{"id":6335,"date":"2025-02-02T13:43:12","date_gmt":"2025-02-02T13:43:12","guid":{"rendered":"https:\/\/dev.cm.upt.ro\/jecza\/?page_id=6335"},"modified":"2025-02-02T14:57:01","modified_gmt":"2025-02-02T14:57:01","slug":"despre-muzeu-istoric","status":"publish","type":"page","link":"https:\/\/jecza.ro\/index.php\/despre-muzeu-istoric\/","title":{"rendered":"Istoric"},"content":{"rendered":"\t\t<div data-elementor-type=\"wp-page\" data-elementor-id=\"6335\" class=\"elementor elementor-6335\">\n\t\t\t\t<div class=\"elementor-element elementor-element-1bff956 e-flex e-con-boxed e-con e-parent\" data-id=\"1bff956\" data-element_type=\"container\">\n\t\t\t\t\t<div class=\"e-con-inner\">\n\t\t\t\t<div class=\"elementor-element elementor-element-950c334 elementor-widget elementor-widget-video\" data-id=\"950c334\" data-element_type=\"widget\" data-settings=\"{&quot;youtube_url&quot;:&quot;https:\\\/\\\/www.youtube.com\\\/watch?v=uf7JAecjoPQ&quot;,&quot;video_type&quot;:&quot;youtube&quot;,&quot;controls&quot;:&quot;yes&quot;}\" data-widget_type=\"video.default\">\n\t\t\t\t<div class=\"elementor-widget-container\">\n\t\t\t\t\t\t\t<div class=\"elementor-wrapper elementor-open-inline\">\n\t\t\t<div class=\"elementor-video\"><\/div>\t\t<\/div>\n\t\t\t\t\t\t<\/div>\n\t\t\t\t<\/div>\n\t\t\t\t\t<\/div>\n\t\t\t\t<\/div>\n\t\t<div class=\"elementor-element elementor-element-3738a4a e-flex e-con-boxed e-con e-parent\" data-id=\"3738a4a\" data-element_type=\"container\">\n\t\t\t\t\t<div class=\"e-con-inner\">\n\t\t<div class=\"elementor-element elementor-element-7e0bcee e-con-full e-flex e-con e-child\" data-id=\"7e0bcee\" data-element_type=\"container\">\n\t\t\t\t<div class=\"elementor-element elementor-element-d81e575 elementor-widget elementor-widget-text-editor\" data-id=\"d81e575\" data-element_type=\"widget\" data-widget_type=\"text-editor.default\">\n\t\t\t\t<div class=\"elementor-widget-container\">\n\t\t\t\t\t\t\t\t\t<p>Prima distinc\u021bie care trebuie marcat\u0103 este legat\u0103 de caracterul \u201dinstitu\u021bional\u201d al Muzeului Jecza. Sensul \u00eendeob\u0219te recunoscut nu este acoperit de realitatea acestuia. Muzeul Jecza este un <i>altfel <\/i>de muzeu: un muzeu viu, animat de aspira\u021biile celor care \u00eel locuiesc \u0219i care p\u0103streaz\u0103 \u0219i visurile celor ce nu \u00eel mai locuiesc. Este un loc n\u0103scut din dragoste\u00a0 &#8211; \u00eemp\u0103r\u0163it\u0103, \u00eemp\u0103rt\u0103\u015fit\u0103\u2026 Este <b>o cas\u0103<\/b> ce poart\u0103 amprenta individualit\u0103\u021bii aceluia care a visat dint\u00e2i la ea.\u00a0\u00a0<\/p><p>Peter Jecza, sculptor fiind, avea lucr\u0103ri multe, volume \u2013 \u201ecopiii\u201d lui, cum \u00eei pl\u0103cea s\u0103 spun\u0103 -, obiecte tridimensionale, ce necesitau spa\u0163iu. A construit o cas\u0103 ce s-a f\u0103cut dup\u0103 m\u0103sura acestora. \u00cen momentul \u00een care a ajuns \u00eens\u0103 a\u015fa, nu se justifica s\u0103 r\u0103m\u00e2n\u0103 destinat\u0103 doar celor trei oameni ce locuiam \u00een ea \u015fi astfel s-au adunat \u00een jurul ei, la \u00eenceput doar prieteni, cunoscu\u0163i, iubitori de art\u0103, mai apoi necunoscu\u0163i, o comunitate care s-a tot \u00eenchegat, \u00een timp, \u00een jurul acestui nucleu pe care arta l-a constituit, oameni care sim\u0163eau nevoia s\u0103 primeasc\u0103 hrana pe care arta o oferea. \u015ei au primit-o constant. Sunt dou\u0103zeci de ani de c\u00e2nd Casa Jecza este deschis\u0103 tuturor acelora ce \u00eei trec pragul. Ceea ce este frumos, \u00eens\u0103, e c\u0103 a r\u0103mas \u00een tot acest timp, <i>Casa<\/i> Jecza, adic\u0103 un spa\u0163iu cu suflet, nu neap\u0103rat muzeul de art\u0103, cum s-ar defini el oficial &#8211;\u00a0 o institu\u0163ie rece, sus\u0163inut\u0103 prin func\u0163iuni. Casa Jecza este \u00een continuare un spa\u0163iu locuit, viu, vibrant, animat, ce \u00ee\u015fi dezv\u0103luie un suflet, a\u015fa cum doar o cas\u0103 \u00ee\u015fi poate dezv\u0103lui. Iar cei ce au mai r\u0103mas \u00een cas\u0103, sunt cei ce d\u0103ruiesc \u00een continuare. Sun\u0103 destul de idealizat, dar a\u015fa este: dincolo de orice pragmatism, de orice concept de\u00a0 eficien\u0163\u0103, trebuie s\u0103 r\u0103m\u00e2n\u0103 un ideal. C\u00e2t\u0103 vreme acesta reu\u015fe\u015fte s\u0103-\u015fi prezerve for\u0163a constructoare, restul vine cumva. Mai greu, mai u\u015for, dar vine. \u201eCa stelele pe cer\u201d\u2026 cum ar spune ziditorul ei, Peter Jecza.<\/p><p>Casa Jecza a dob\u00e2ndit, succesiv, forme \u0219i func\u021biuni diferite, cresc\u00e2nd, organic, pentru a r\u0103spunde nevoilor pe care le-a perceput. A devenit spa\u021biu al Funda\u021biei Triade, galerie, centru de art\u0103, editur\u0103\u2026 Dup\u0103 dispari\u021bia \u00een 2009 a lui Peter Jecza, proiectul de a p\u0103stra urma memorial\u0103 a fondatorului a tot c\u0103p\u0103tat form\u0103, p\u00e2n\u0103 la ceea ce \u00eentr-o zi s-a putut numi MUZEUL JECZA.\u00a0<\/p><p>Muzeul Jecza acum a f\u0103cut saltul \u00een virtual, devenind Muzeul \/ Colec\u021bia virtual(\u0103) JECZA.<\/p>\t\t\t\t\t\t\t\t<\/div>\n\t\t\t\t<\/div>\n\t\t\t\t<\/div>\n\t\t<div class=\"elementor-element elementor-element-067f329 e-con-full e-flex e-con e-child\" data-id=\"067f329\" data-element_type=\"container\">\n\t\t<div class=\"elementor-element elementor-element-2a34f8a e-con-full e-flex e-con e-child\" data-id=\"2a34f8a\" data-element_type=\"container\">\n\t\t\t\t<div class=\"elementor-element elementor-element-2d93973 elementor-widget elementor-widget-image\" data-id=\"2d93973\" data-element_type=\"widget\" data-widget_type=\"image.default\">\n\t\t\t\t<div class=\"elementor-widget-container\">\n\t\t\t\t\t\t\t\t\t\t\t\t\t\t\t<img decoding=\"async\" src=\"https:\/\/jecza.ro\/wp-content\/uploads\/2021\/12\/1.jpg\" title=\"\" alt=\"\" loading=\"lazy\" \/>\t\t\t\t\t\t\t\t\t\t\t\t\t\t\t<\/div>\n\t\t\t\t<\/div>\n\t\t\t\t<div class=\"elementor-element elementor-element-570e35e elementor-widget elementor-widget-image\" data-id=\"570e35e\" data-element_type=\"widget\" data-widget_type=\"image.default\">\n\t\t\t\t<div class=\"elementor-widget-container\">\n\t\t\t\t\t\t\t\t\t\t\t\t\t\t\t<img decoding=\"async\" src=\"https:\/\/jecza.ro\/wp-content\/uploads\/2021\/12\/2.jpg\" title=\"\" alt=\"\" loading=\"lazy\" \/>\t\t\t\t\t\t\t\t\t\t\t\t\t\t\t<\/div>\n\t\t\t\t<\/div>\n\t\t\t\t<\/div>\n\t\t<div class=\"elementor-element elementor-element-5ef202e e-con-full e-flex e-con e-child\" data-id=\"5ef202e\" data-element_type=\"container\">\n\t\t\t\t<div class=\"elementor-element elementor-element-e916ab3 elementor-widget elementor-widget-image\" data-id=\"e916ab3\" data-element_type=\"widget\" data-widget_type=\"image.default\">\n\t\t\t\t<div class=\"elementor-widget-container\">\n\t\t\t\t\t\t\t\t\t\t\t\t\t\t\t<img decoding=\"async\" src=\"https:\/\/jecza.ro\/wp-content\/uploads\/2021\/12\/3.jpg\" title=\"\" alt=\"\" loading=\"lazy\" \/>\t\t\t\t\t\t\t\t\t\t\t\t\t\t\t<\/div>\n\t\t\t\t<\/div>\n\t\t\t\t<\/div>\n\t\t\t\t<div class=\"elementor-element elementor-element-4933c26 elementor-widget elementor-widget-image\" data-id=\"4933c26\" data-element_type=\"widget\" data-widget_type=\"image.default\">\n\t\t\t\t<div class=\"elementor-widget-container\">\n\t\t\t\t\t\t\t\t\t\t\t\t\t\t\t<img decoding=\"async\" src=\"https:\/\/jecza.ro\/wp-content\/uploads\/2021\/12\/4.jpg\" title=\"\" alt=\"\" loading=\"lazy\" \/>\t\t\t\t\t\t\t\t\t\t\t\t\t\t\t<\/div>\n\t\t\t\t<\/div>\n\t\t\t\t<div class=\"elementor-element elementor-element-5275732 elementor-widget elementor-widget-image\" data-id=\"5275732\" data-element_type=\"widget\" data-widget_type=\"image.default\">\n\t\t\t\t<div class=\"elementor-widget-container\">\n\t\t\t\t\t\t\t\t\t\t\t\t\t\t\t<img decoding=\"async\" src=\"https:\/\/jecza.ro\/wp-content\/uploads\/2021\/12\/5.jpg\" title=\"\" alt=\"\" loading=\"lazy\" \/>\t\t\t\t\t\t\t\t\t\t\t\t\t\t\t<\/div>\n\t\t\t\t<\/div>\n\t\t\t\t<\/div>\n\t\t\t\t\t<\/div>\n\t\t\t\t<\/div>\n\t\t\t\t<\/div>\n\t\t","protected":false},"excerpt":{"rendered":"<p>https:\/\/www.youtube.com\/watch?v=uf7JAecjoPQ Prima distinc\u021bie care trebuie marcat\u0103 este legat\u0103 de caracterul \u201dinstitu\u021bional\u201d al Muzeului Jecza. Sensul \u00eendeob\u0219te recunoscut nu este acoperit de realitatea acestuia. Muzeul Jecza este un altfel de muzeu: un muzeu viu, animat de aspira\u021biile celor care \u00eel locuiesc \u0219i care p\u0103streaz\u0103 \u0219i visurile celor ce nu \u00eel mai locuiesc. Este un loc n\u0103scut [&hellip;]<\/p>\n","protected":false},"author":2,"featured_media":0,"parent":0,"menu_order":0,"comment_status":"closed","ping_status":"closed","template":"","meta":{"_acf_changed":false,"give_campaign_id":0,"footnotes":""},"class_list":["post-6335","page","type-page","status-publish","hentry"],"acf":[],"yoast_head":"<!-- This site is optimized with the Yoast SEO plugin v25.3.1 - https:\/\/yoast.com\/wordpress\/plugins\/seo\/ -->\n<title>Istoric - Jecza Museum<\/title>\n<meta name=\"robots\" content=\"index, follow, max-snippet:-1, max-image-preview:large, max-video-preview:-1\" \/>\n<link rel=\"canonical\" href=\"https:\/\/jecza.ro\/index.php\/despre-muzeu-istoric\/\" \/>\n<meta property=\"og:locale\" content=\"en_US\" \/>\n<meta property=\"og:type\" content=\"article\" \/>\n<meta property=\"og:title\" content=\"Istoric - Jecza Museum\" \/>\n<meta property=\"og:description\" content=\"https:\/\/www.youtube.com\/watch?v=uf7JAecjoPQ Prima distinc\u021bie care trebuie marcat\u0103 este legat\u0103 de caracterul \u201dinstitu\u021bional\u201d al Muzeului Jecza. Sensul \u00eendeob\u0219te recunoscut nu este acoperit de realitatea acestuia. Muzeul Jecza este un altfel de muzeu: un muzeu viu, animat de aspira\u021biile celor care \u00eel locuiesc \u0219i care p\u0103streaz\u0103 \u0219i visurile celor ce nu \u00eel mai locuiesc. Este un loc n\u0103scut [&hellip;]\" \/>\n<meta property=\"og:url\" content=\"https:\/\/jecza.ro\/index.php\/despre-muzeu-istoric\/\" \/>\n<meta property=\"og:site_name\" content=\"Jecza Museum\" \/>\n<meta property=\"article:modified_time\" content=\"2025-02-02T14:57:01+00:00\" \/>\n<meta property=\"og:image\" content=\"https:\/\/jecza.ro\/wp-content\/uploads\/2021\/12\/1.jpg\" \/>\n<meta name=\"twitter:card\" content=\"summary_large_image\" \/>\n<meta name=\"twitter:label1\" content=\"Est. reading time\" \/>\n\t<meta name=\"twitter:data1\" content=\"3 minutes\" \/>\n<script type=\"application\/ld+json\" class=\"yoast-schema-graph\">{\"@context\":\"https:\/\/schema.org\",\"@graph\":[{\"@type\":\"WebPage\",\"@id\":\"https:\/\/jecza.ro\/index.php\/despre-muzeu-istoric\/\",\"url\":\"https:\/\/jecza.ro\/index.php\/despre-muzeu-istoric\/\",\"name\":\"Istoric - Jecza Museum\",\"isPartOf\":{\"@id\":\"https:\/\/jecza.ro\/#website\"},\"primaryImageOfPage\":{\"@id\":\"https:\/\/jecza.ro\/index.php\/despre-muzeu-istoric\/#primaryimage\"},\"image\":{\"@id\":\"https:\/\/jecza.ro\/index.php\/despre-muzeu-istoric\/#primaryimage\"},\"thumbnailUrl\":\"https:\/\/jecza.ro\/wp-content\/uploads\/2021\/12\/1.jpg\",\"datePublished\":\"2025-02-02T13:43:12+00:00\",\"dateModified\":\"2025-02-02T14:57:01+00:00\",\"breadcrumb\":{\"@id\":\"https:\/\/jecza.ro\/index.php\/despre-muzeu-istoric\/#breadcrumb\"},\"inLanguage\":\"en-US\",\"potentialAction\":[{\"@type\":\"ReadAction\",\"target\":[\"https:\/\/jecza.ro\/index.php\/despre-muzeu-istoric\/\"]}]},{\"@type\":\"ImageObject\",\"inLanguage\":\"en-US\",\"@id\":\"https:\/\/jecza.ro\/index.php\/despre-muzeu-istoric\/#primaryimage\",\"url\":\"https:\/\/jecza.ro\/wp-content\/uploads\/2021\/12\/1.jpg\",\"contentUrl\":\"https:\/\/jecza.ro\/wp-content\/uploads\/2021\/12\/1.jpg\"},{\"@type\":\"BreadcrumbList\",\"@id\":\"https:\/\/jecza.ro\/index.php\/despre-muzeu-istoric\/#breadcrumb\",\"itemListElement\":[{\"@type\":\"ListItem\",\"position\":1,\"name\":\"Home\",\"item\":\"https:\/\/jecza.ro\/\"},{\"@type\":\"ListItem\",\"position\":2,\"name\":\"Istoric\"}]},{\"@type\":\"WebSite\",\"@id\":\"https:\/\/jecza.ro\/#website\",\"url\":\"https:\/\/jecza.ro\/\",\"name\":\"Jecza Museum\",\"description\":\"\",\"publisher\":{\"@id\":\"https:\/\/jecza.ro\/#organization\"},\"potentialAction\":[{\"@type\":\"SearchAction\",\"target\":{\"@type\":\"EntryPoint\",\"urlTemplate\":\"https:\/\/jecza.ro\/?s={search_term_string}\"},\"query-input\":{\"@type\":\"PropertyValueSpecification\",\"valueRequired\":true,\"valueName\":\"search_term_string\"}}],\"inLanguage\":\"en-US\"},{\"@type\":\"Organization\",\"@id\":\"https:\/\/jecza.ro\/#organization\",\"name\":\"Jecza Museum\",\"url\":\"https:\/\/jecza.ro\/\",\"logo\":{\"@type\":\"ImageObject\",\"inLanguage\":\"en-US\",\"@id\":\"https:\/\/jecza.ro\/#\/schema\/logo\/image\/\",\"url\":\"https:\/\/jecza.ro\/wp-content\/uploads\/2024\/11\/cropped-Jecza-museum-logo-white.png\",\"contentUrl\":\"https:\/\/jecza.ro\/wp-content\/uploads\/2024\/11\/cropped-Jecza-museum-logo-white.png\",\"width\":512,\"height\":512,\"caption\":\"Jecza Museum\"},\"image\":{\"@id\":\"https:\/\/jecza.ro\/#\/schema\/logo\/image\/\"}}]}<\/script>\n<!-- \/ Yoast SEO plugin. -->","yoast_head_json":{"title":"Istoric - Jecza Museum","robots":{"index":"index","follow":"follow","max-snippet":"max-snippet:-1","max-image-preview":"max-image-preview:large","max-video-preview":"max-video-preview:-1"},"canonical":"https:\/\/jecza.ro\/index.php\/despre-muzeu-istoric\/","og_locale":"en_US","og_type":"article","og_title":"Istoric - Jecza Museum","og_description":"https:\/\/www.youtube.com\/watch?v=uf7JAecjoPQ Prima distinc\u021bie care trebuie marcat\u0103 este legat\u0103 de caracterul \u201dinstitu\u021bional\u201d al Muzeului Jecza. Sensul \u00eendeob\u0219te recunoscut nu este acoperit de realitatea acestuia. Muzeul Jecza este un altfel de muzeu: un muzeu viu, animat de aspira\u021biile celor care \u00eel locuiesc \u0219i care p\u0103streaz\u0103 \u0219i visurile celor ce nu \u00eel mai locuiesc. Este un loc n\u0103scut [&hellip;]","og_url":"https:\/\/jecza.ro\/index.php\/despre-muzeu-istoric\/","og_site_name":"Jecza Museum","article_modified_time":"2025-02-02T14:57:01+00:00","og_image":[{"url":"https:\/\/jecza.ro\/wp-content\/uploads\/2021\/12\/1.jpg","type":"","width":"","height":""}],"twitter_card":"summary_large_image","twitter_misc":{"Est. reading time":"3 minutes"},"schema":{"@context":"https:\/\/schema.org","@graph":[{"@type":"WebPage","@id":"https:\/\/jecza.ro\/index.php\/despre-muzeu-istoric\/","url":"https:\/\/jecza.ro\/index.php\/despre-muzeu-istoric\/","name":"Istoric - Jecza Museum","isPartOf":{"@id":"https:\/\/jecza.ro\/#website"},"primaryImageOfPage":{"@id":"https:\/\/jecza.ro\/index.php\/despre-muzeu-istoric\/#primaryimage"},"image":{"@id":"https:\/\/jecza.ro\/index.php\/despre-muzeu-istoric\/#primaryimage"},"thumbnailUrl":"https:\/\/jecza.ro\/wp-content\/uploads\/2021\/12\/1.jpg","datePublished":"2025-02-02T13:43:12+00:00","dateModified":"2025-02-02T14:57:01+00:00","breadcrumb":{"@id":"https:\/\/jecza.ro\/index.php\/despre-muzeu-istoric\/#breadcrumb"},"inLanguage":"en-US","potentialAction":[{"@type":"ReadAction","target":["https:\/\/jecza.ro\/index.php\/despre-muzeu-istoric\/"]}]},{"@type":"ImageObject","inLanguage":"en-US","@id":"https:\/\/jecza.ro\/index.php\/despre-muzeu-istoric\/#primaryimage","url":"https:\/\/jecza.ro\/wp-content\/uploads\/2021\/12\/1.jpg","contentUrl":"https:\/\/jecza.ro\/wp-content\/uploads\/2021\/12\/1.jpg"},{"@type":"BreadcrumbList","@id":"https:\/\/jecza.ro\/index.php\/despre-muzeu-istoric\/#breadcrumb","itemListElement":[{"@type":"ListItem","position":1,"name":"Home","item":"https:\/\/jecza.ro\/"},{"@type":"ListItem","position":2,"name":"Istoric"}]},{"@type":"WebSite","@id":"https:\/\/jecza.ro\/#website","url":"https:\/\/jecza.ro\/","name":"Jecza Museum","description":"","publisher":{"@id":"https:\/\/jecza.ro\/#organization"},"potentialAction":[{"@type":"SearchAction","target":{"@type":"EntryPoint","urlTemplate":"https:\/\/jecza.ro\/?s={search_term_string}"},"query-input":{"@type":"PropertyValueSpecification","valueRequired":true,"valueName":"search_term_string"}}],"inLanguage":"en-US"},{"@type":"Organization","@id":"https:\/\/jecza.ro\/#organization","name":"Jecza Museum","url":"https:\/\/jecza.ro\/","logo":{"@type":"ImageObject","inLanguage":"en-US","@id":"https:\/\/jecza.ro\/#\/schema\/logo\/image\/","url":"https:\/\/jecza.ro\/wp-content\/uploads\/2024\/11\/cropped-Jecza-museum-logo-white.png","contentUrl":"https:\/\/jecza.ro\/wp-content\/uploads\/2024\/11\/cropped-Jecza-museum-logo-white.png","width":512,"height":512,"caption":"Jecza Museum"},"image":{"@id":"https:\/\/jecza.ro\/#\/schema\/logo\/image\/"}}]}},"campaignId":"","_links":{"self":[{"href":"https:\/\/jecza.ro\/index.php\/wp-json\/wp\/v2\/pages\/6335","targetHints":{"allow":["GET"]}}],"collection":[{"href":"https:\/\/jecza.ro\/index.php\/wp-json\/wp\/v2\/pages"}],"about":[{"href":"https:\/\/jecza.ro\/index.php\/wp-json\/wp\/v2\/types\/page"}],"author":[{"embeddable":true,"href":"https:\/\/jecza.ro\/index.php\/wp-json\/wp\/v2\/users\/2"}],"replies":[{"embeddable":true,"href":"https:\/\/jecza.ro\/index.php\/wp-json\/wp\/v2\/comments?post=6335"}],"version-history":[{"count":12,"href":"https:\/\/jecza.ro\/index.php\/wp-json\/wp\/v2\/pages\/6335\/revisions"}],"predecessor-version":[{"id":6381,"href":"https:\/\/jecza.ro\/index.php\/wp-json\/wp\/v2\/pages\/6335\/revisions\/6381"}],"wp:attachment":[{"href":"https:\/\/jecza.ro\/index.php\/wp-json\/wp\/v2\/media?parent=6335"}],"curies":[{"name":"wp","href":"https:\/\/api.w.org\/{rel}","templated":true}]}}