{"id":6275,"date":"2025-02-01T12:03:57","date_gmt":"2025-02-01T12:03:57","guid":{"rendered":"https:\/\/dev.cm.upt.ro\/jecza\/?page_id=6275"},"modified":"2025-02-14T09:41:47","modified_gmt":"2025-02-14T09:41:47","slug":"povestea-lucrarilor","status":"publish","type":"page","link":"https:\/\/jecza.ro\/index.php\/povestea-lucrarilor\/","title":{"rendered":"Povestea lucr\u0103rilor"},"content":{"rendered":"\t\t<div data-elementor-type=\"wp-page\" data-elementor-id=\"6275\" class=\"elementor elementor-6275\">\n\t\t\t\t\t\t<section class=\"elementor-section elementor-top-section elementor-element elementor-element-76189d4 elementor-section-boxed elementor-section-height-default elementor-section-height-default\" data-id=\"76189d4\" data-element_type=\"section\">\n\t\t\t\t\t\t<div class=\"elementor-container elementor-column-gap-default\">\n\t\t\t\t\t<div class=\"elementor-column elementor-col-25 elementor-top-column elementor-element elementor-element-4167369\" data-id=\"4167369\" data-element_type=\"column\">\n\t\t\t<div class=\"elementor-widget-wrap elementor-element-populated\">\n\t\t\t\t\t\t<div class=\"elementor-element elementor-element-f6e2818 elementor-widget elementor-widget-image\" data-id=\"f6e2818\" data-element_type=\"widget\" data-widget_type=\"image.default\">\n\t\t\t\t<div class=\"elementor-widget-container\">\n\t\t\t\t\t\t\t\t\t\t\t\t\t\t\t\t<a href=\"https:\/\/jecza.ro\/index.php\/povestea-lucrarilor\/povestea-lucrarilor-familia\/\">\n\t\t\t\t\t\t\t<img decoding=\"async\" src=\"https:\/\/jecza.ro\/wp-content\/uploads\/elementor\/thumbs\/Peter-Jecza-Familie-r7q2lrtt6inpjl2cjs23s13uz79jb4r054oz5e4ufo.jpg\" title=\"Peter-Jecza-Familie\" alt=\"Peter-Jecza-Familie\" class=\"elementor-animation-float\" loading=\"lazy\" \/>\t\t\t\t\t\t\t\t<\/a>\n\t\t\t\t\t\t\t\t\t\t\t\t\t\t\t<\/div>\n\t\t\t\t<\/div>\n\t\t\t\t<section class=\"elementor-section elementor-inner-section elementor-element elementor-element-87bc2a6 elementor-section-boxed elementor-section-height-default elementor-section-height-default\" data-id=\"87bc2a6\" data-element_type=\"section\" data-settings=\"{&quot;background_background&quot;:&quot;classic&quot;}\">\n\t\t\t\t\t\t<div class=\"elementor-container elementor-column-gap-default\">\n\t\t\t\t\t<div class=\"elementor-column elementor-col-50 elementor-inner-column elementor-element elementor-element-62d9ba2\" data-id=\"62d9ba2\" data-element_type=\"column\" data-settings=\"{&quot;background_background&quot;:&quot;classic&quot;}\">\n\t\t\t<div class=\"elementor-widget-wrap elementor-element-populated\">\n\t\t\t\t\t\t<div class=\"elementor-element elementor-element-7784812 elementor-widget elementor-widget-heading\" data-id=\"7784812\" data-element_type=\"widget\" data-widget_type=\"heading.default\">\n\t\t\t\t<div class=\"elementor-widget-container\">\n\t\t\t\t\t<h4 class=\"elementor-heading-title elementor-size-default\"><a href=\"https:\/\/jecza.ro\/index.php\/1939-1946\/\">Povestea lucr\u0103rilor - <br><br>FAMILIA <\/a><\/h4>\t\t\t\t<\/div>\n\t\t\t\t<\/div>\n\t\t\t\t<div class=\"elementor-element elementor-element-b8718ec elementor-align-left elementor-widget elementor-widget-button\" data-id=\"b8718ec\" data-element_type=\"widget\" data-widget_type=\"button.default\">\n\t\t\t\t<div class=\"elementor-widget-container\">\n\t\t\t\t\t\t\t\t\t<div class=\"elementor-button-wrapper\">\n\t\t\t\t\t<a class=\"elementor-button elementor-button-link elementor-size-sm elementor-animation-push\" href=\"https:\/\/jecza.ro\/index.php\/povestea-lucrarilor\/povestea-lucrarilor-familia\/\">\n\t\t\t\t\t\t<span class=\"elementor-button-content-wrapper\">\n\t\t\t\t\t\t\t\t\t<span class=\"elementor-button-text\">Mai Mult<\/span>\n\t\t\t\t\t<\/span>\n\t\t\t\t\t<\/a>\n\t\t\t\t<\/div>\n\t\t\t\t\t\t\t\t<\/div>\n\t\t\t\t<\/div>\n\t\t\t\t\t<\/div>\n\t\t<\/div>\n\t\t\t\t<div class=\"elementor-column elementor-col-50 elementor-inner-column elementor-element elementor-element-2d3c067\" data-id=\"2d3c067\" data-element_type=\"column\">\n\t\t\t<div class=\"elementor-widget-wrap\">\n\t\t\t\t\t\t\t<\/div>\n\t\t<\/div>\n\t\t\t\t\t<\/div>\n\t\t<\/section>\n\t\t\t\t\t<\/div>\n\t\t<\/div>\n\t\t\t\t<div class=\"elementor-column elementor-col-25 elementor-top-column elementor-element elementor-element-b5f0644\" data-id=\"b5f0644\" data-element_type=\"column\">\n\t\t\t<div class=\"elementor-widget-wrap elementor-element-populated\">\n\t\t\t\t\t\t<div class=\"elementor-element elementor-element-35ab9f5 elementor-widget elementor-widget-image\" data-id=\"35ab9f5\" data-element_type=\"widget\" data-widget_type=\"image.default\">\n\t\t\t\t<div class=\"elementor-widget-container\">\n\t\t\t\t\t\t\t\t\t\t\t\t\t\t\t\t<a href=\"https:\/\/jecza.ro\/index.php\/povestea-lucrarilor\/povestea-lucrarilor-calauza\/\">\n\t\t\t\t\t\t\t<img decoding=\"async\" src=\"https:\/\/jecza.ro\/wp-content\/uploads\/elementor\/thumbs\/Peter-Jecza-Calauza-II_C.253-r7q2lrtt6inpjl2cjs23s13uz79jb4r054oz5e4ufo.jpg\" title=\"Peter-Jecza-Calauza-II_C.253\" alt=\"Peter-Jecza-Calauza-II_C.253\" class=\"elementor-animation-float\" loading=\"lazy\" \/>\t\t\t\t\t\t\t\t<\/a>\n\t\t\t\t\t\t\t\t\t\t\t\t\t\t\t<\/div>\n\t\t\t\t<\/div>\n\t\t\t\t<section class=\"elementor-section elementor-inner-section elementor-element elementor-element-3196916 elementor-section-boxed elementor-section-height-default elementor-section-height-default\" data-id=\"3196916\" data-element_type=\"section\" data-settings=\"{&quot;background_background&quot;:&quot;classic&quot;}\">\n\t\t\t\t\t\t<div class=\"elementor-container elementor-column-gap-default\">\n\t\t\t\t\t<div class=\"elementor-column elementor-col-50 elementor-inner-column elementor-element elementor-element-c81b0f9\" data-id=\"c81b0f9\" data-element_type=\"column\" data-settings=\"{&quot;background_background&quot;:&quot;classic&quot;}\">\n\t\t\t<div class=\"elementor-widget-wrap elementor-element-populated\">\n\t\t\t\t\t\t<div class=\"elementor-element elementor-element-161ae9d elementor-widget elementor-widget-heading\" data-id=\"161ae9d\" data-element_type=\"widget\" data-widget_type=\"heading.default\">\n\t\t\t\t<div class=\"elementor-widget-container\">\n\t\t\t\t\t<h4 class=\"elementor-heading-title elementor-size-default\"><a href=\"https:\/\/jecza.ro\/index.php\/1946-1953\/\">Povestea lucr\u0103rilor - <br><br>C\u0102L\u0102UZA<\/a><\/h4>\t\t\t\t<\/div>\n\t\t\t\t<\/div>\n\t\t\t\t<div class=\"elementor-element elementor-element-85d2c00 elementor-align-left elementor-widget elementor-widget-button\" data-id=\"85d2c00\" data-element_type=\"widget\" data-widget_type=\"button.default\">\n\t\t\t\t<div class=\"elementor-widget-container\">\n\t\t\t\t\t\t\t\t\t<div class=\"elementor-button-wrapper\">\n\t\t\t\t\t<a class=\"elementor-button elementor-button-link elementor-size-sm elementor-animation-push\" href=\"https:\/\/jecza.ro\/index.php\/povestea-lucrarilor\/povestea-lucrarilor-calauza\/\">\n\t\t\t\t\t\t<span class=\"elementor-button-content-wrapper\">\n\t\t\t\t\t\t\t\t\t<span class=\"elementor-button-text\">Mai Mult<\/span>\n\t\t\t\t\t<\/span>\n\t\t\t\t\t<\/a>\n\t\t\t\t<\/div>\n\t\t\t\t\t\t\t\t<\/div>\n\t\t\t\t<\/div>\n\t\t\t\t\t<\/div>\n\t\t<\/div>\n\t\t\t\t<div class=\"elementor-column elementor-col-50 elementor-inner-column elementor-element elementor-element-1d3cca1\" data-id=\"1d3cca1\" data-element_type=\"column\">\n\t\t\t<div class=\"elementor-widget-wrap\">\n\t\t\t\t\t\t\t<\/div>\n\t\t<\/div>\n\t\t\t\t\t<\/div>\n\t\t<\/section>\n\t\t\t\t\t<\/div>\n\t\t<\/div>\n\t\t\t\t<div class=\"elementor-column elementor-col-25 elementor-top-column elementor-element elementor-element-de3aac8\" data-id=\"de3aac8\" data-element_type=\"column\">\n\t\t\t<div class=\"elementor-widget-wrap elementor-element-populated\">\n\t\t\t\t\t\t<div class=\"elementor-element elementor-element-d456fe2 elementor-widget elementor-widget-image\" data-id=\"d456fe2\" data-element_type=\"widget\" data-widget_type=\"image.default\">\n\t\t\t\t<div class=\"elementor-widget-container\">\n\t\t\t\t\t\t\t\t\t\t\t\t\t\t\t\t<a href=\"https:\/\/jecza.ro\/index.php\/1953-1957\/\">\n\t\t\t\t\t\t\t<img decoding=\"async\" src=\"https:\/\/jecza.ro\/wp-content\/uploads\/elementor\/thumbs\/Peter-Jecza-Meditatie-II-r7q2lrtt6inpjl2cjs23s13uz79jb4r054oz5e4ufo.jpg\" title=\"Peter-Jecza-Meditatie-II\" alt=\"Peter-Jecza-Meditatie-II\" class=\"elementor-animation-float\" loading=\"lazy\" \/>\t\t\t\t\t\t\t\t<\/a>\n\t\t\t\t\t\t\t\t\t\t\t\t\t\t\t<\/div>\n\t\t\t\t<\/div>\n\t\t\t\t<section class=\"elementor-section elementor-inner-section elementor-element elementor-element-cfa4f38 elementor-section-boxed elementor-section-height-default elementor-section-height-default\" data-id=\"cfa4f38\" data-element_type=\"section\" data-settings=\"{&quot;background_background&quot;:&quot;classic&quot;}\">\n\t\t\t\t\t\t<div class=\"elementor-container elementor-column-gap-default\">\n\t\t\t\t\t<div class=\"elementor-column elementor-col-50 elementor-inner-column elementor-element elementor-element-7e7658c\" data-id=\"7e7658c\" data-element_type=\"column\" data-settings=\"{&quot;background_background&quot;:&quot;classic&quot;}\">\n\t\t\t<div class=\"elementor-widget-wrap elementor-element-populated\">\n\t\t\t\t\t\t<div class=\"elementor-element elementor-element-6e5129b elementor-widget elementor-widget-heading\" data-id=\"6e5129b\" data-element_type=\"widget\" data-widget_type=\"heading.default\">\n\t\t\t\t<div class=\"elementor-widget-container\">\n\t\t\t\t\t<h4 class=\"elementor-heading-title elementor-size-default\"><a href=\"https:\/\/jecza.ro\/index.php\/1953-1957\/\">Povestea lucr\u0103rilor - DRUMUL CRUCII <\/a><\/h4>\t\t\t\t<\/div>\n\t\t\t\t<\/div>\n\t\t\t\t<div class=\"elementor-element elementor-element-4e550b8 elementor-align-left elementor-widget elementor-widget-button\" data-id=\"4e550b8\" data-element_type=\"widget\" data-widget_type=\"button.default\">\n\t\t\t\t<div class=\"elementor-widget-container\">\n\t\t\t\t\t\t\t\t\t<div class=\"elementor-button-wrapper\">\n\t\t\t\t\t<a class=\"elementor-button elementor-button-link elementor-size-sm elementor-animation-push\" href=\"https:\/\/jecza.ro\/index.php\/povestea-lucrarilor\/povestea-lucrarilor-drumul-crucii\/\">\n\t\t\t\t\t\t<span class=\"elementor-button-content-wrapper\">\n\t\t\t\t\t\t\t\t\t<span class=\"elementor-button-text\">Mai Mult<\/span>\n\t\t\t\t\t<\/span>\n\t\t\t\t\t<\/a>\n\t\t\t\t<\/div>\n\t\t\t\t\t\t\t\t<\/div>\n\t\t\t\t<\/div>\n\t\t\t\t\t<\/div>\n\t\t<\/div>\n\t\t\t\t<div class=\"elementor-column elementor-col-50 elementor-inner-column elementor-element elementor-element-48a1cbc\" data-id=\"48a1cbc\" data-element_type=\"column\">\n\t\t\t<div class=\"elementor-widget-wrap\">\n\t\t\t\t\t\t\t<\/div>\n\t\t<\/div>\n\t\t\t\t\t<\/div>\n\t\t<\/section>\n\t\t\t\t\t<\/div>\n\t\t<\/div>\n\t\t\t\t<div class=\"elementor-column elementor-col-25 elementor-top-column elementor-element elementor-element-342cc2d\" data-id=\"342cc2d\" data-element_type=\"column\">\n\t\t\t<div class=\"elementor-widget-wrap elementor-element-populated\">\n\t\t\t\t\t\t<div class=\"elementor-element elementor-element-064ef19 elementor-widget elementor-widget-image\" data-id=\"064ef19\" data-element_type=\"widget\" data-widget_type=\"image.default\">\n\t\t\t\t<div class=\"elementor-widget-container\">\n\t\t\t\t\t\t\t\t\t\t\t\t\t\t\t\t<a href=\"https:\/\/jecza.ro\/index.php\/povestea-lucrarilor\/povestea-lucrarilor-univers-dantesc\/\">\n\t\t\t\t\t\t\t<img decoding=\"async\" src=\"https:\/\/jecza.ro\/wp-content\/uploads\/elementor\/thumbs\/Peter-Jecza-Univers-dantesc-I-1-1024x1024-1-r7q2lrtt6inpjl2cjs23s13uz79jb4r054oz5e4ufo.jpg\" title=\"Peter-Jecza-Univers-dantesc-I-1-1024&#215;1024\" alt=\"Peter-Jecza-Univers-dantesc-I-1-1024x1024\" class=\"elementor-animation-float\" loading=\"lazy\" \/>\t\t\t\t\t\t\t\t<\/a>\n\t\t\t\t\t\t\t\t\t\t\t\t\t\t\t<\/div>\n\t\t\t\t<\/div>\n\t\t\t\t<section class=\"elementor-section elementor-inner-section elementor-element elementor-element-7e40a29 elementor-section-boxed elementor-section-height-default elementor-section-height-default\" data-id=\"7e40a29\" data-element_type=\"section\" data-settings=\"{&quot;background_background&quot;:&quot;classic&quot;}\">\n\t\t\t\t\t\t<div class=\"elementor-container elementor-column-gap-default\">\n\t\t\t\t\t<div class=\"elementor-column elementor-col-50 elementor-inner-column elementor-element elementor-element-f5a0e51\" data-id=\"f5a0e51\" data-element_type=\"column\" data-settings=\"{&quot;background_background&quot;:&quot;classic&quot;}\">\n\t\t\t<div class=\"elementor-widget-wrap elementor-element-populated\">\n\t\t\t\t\t\t<div class=\"elementor-element elementor-element-47bf0f9 elementor-widget elementor-widget-heading\" data-id=\"47bf0f9\" data-element_type=\"widget\" data-widget_type=\"heading.default\">\n\t\t\t\t<div class=\"elementor-widget-container\">\n\t\t\t\t\t<h4 class=\"elementor-heading-title elementor-size-default\"><a href=\"https:\/\/jecza.ro\/index.php\/1939-1946\/\">Povestea lucr\u0103rilor - UNIVERS DANTESC <\/a><\/h4>\t\t\t\t<\/div>\n\t\t\t\t<\/div>\n\t\t\t\t<div class=\"elementor-element elementor-element-d7a2b2c elementor-align-left elementor-widget elementor-widget-button\" data-id=\"d7a2b2c\" data-element_type=\"widget\" data-widget_type=\"button.default\">\n\t\t\t\t<div class=\"elementor-widget-container\">\n\t\t\t\t\t\t\t\t\t<div class=\"elementor-button-wrapper\">\n\t\t\t\t\t<a class=\"elementor-button elementor-button-link elementor-size-sm elementor-animation-push\" href=\"https:\/\/jecza.ro\/index.php\/povestea-lucrarilor\/povestea-lucrarilor-univers-dantesc\/\">\n\t\t\t\t\t\t<span class=\"elementor-button-content-wrapper\">\n\t\t\t\t\t\t\t\t\t<span class=\"elementor-button-text\">Mai Mult<\/span>\n\t\t\t\t\t<\/span>\n\t\t\t\t\t<\/a>\n\t\t\t\t<\/div>\n\t\t\t\t\t\t\t\t<\/div>\n\t\t\t\t<\/div>\n\t\t\t\t\t<\/div>\n\t\t<\/div>\n\t\t\t\t<div class=\"elementor-column elementor-col-50 elementor-inner-column elementor-element elementor-element-5231758\" data-id=\"5231758\" data-element_type=\"column\">\n\t\t\t<div class=\"elementor-widget-wrap\">\n\t\t\t\t\t\t\t<\/div>\n\t\t<\/div>\n\t\t\t\t\t<\/div>\n\t\t<\/section>\n\t\t\t\t\t<\/div>\n\t\t<\/div>\n\t\t\t\t\t<\/div>\n\t\t<\/section>\n\t\t\t\t<\/div>\n\t\t","protected":false},"excerpt":{"rendered":"<p>Povestea lucr\u0103rilor &#8211; FAMILIA Mai Mult Povestea lucr\u0103rilor &#8211; C\u0102L\u0102UZA Mai Mult Povestea lucr\u0103rilor &#8211; DRUMUL CRUCII Mai Mult Povestea lucr\u0103rilor &#8211; UNIVERS DANTESC Mai Mult<\/p>\n","protected":false},"author":2,"featured_media":0,"parent":0,"menu_order":0,"comment_status":"closed","ping_status":"closed","template":"","meta":{"_acf_changed":false,"give_campaign_id":0,"footnotes":""},"class_list":["post-6275","page","type-page","status-publish","hentry"],"acf":[],"yoast_head":"<!-- This site is optimized with the Yoast SEO plugin v25.3.1 - https:\/\/yoast.com\/wordpress\/plugins\/seo\/ -->\n<title>Povestea lucr\u0103rilor - Jecza Museum<\/title>\n<meta name=\"robots\" content=\"index, follow, max-snippet:-1, max-image-preview:large, max-video-preview:-1\" \/>\n<link rel=\"canonical\" href=\"https:\/\/jecza.ro\/index.php\/povestea-lucrarilor\/\" \/>\n<meta property=\"og:locale\" content=\"en_US\" \/>\n<meta property=\"og:type\" content=\"article\" \/>\n<meta property=\"og:title\" content=\"Povestea lucr\u0103rilor - Jecza Museum\" \/>\n<meta property=\"og:description\" content=\"Povestea lucr\u0103rilor &#8211; FAMILIA Mai Mult Povestea lucr\u0103rilor &#8211; C\u0102L\u0102UZA Mai Mult Povestea lucr\u0103rilor &#8211; DRUMUL CRUCII Mai Mult Povestea lucr\u0103rilor &#8211; UNIVERS DANTESC Mai Mult\" \/>\n<meta property=\"og:url\" content=\"https:\/\/jecza.ro\/index.php\/povestea-lucrarilor\/\" \/>\n<meta property=\"og:site_name\" content=\"Jecza Museum\" \/>\n<meta property=\"article:modified_time\" content=\"2025-02-14T09:41:47+00:00\" \/>\n<meta property=\"og:image\" content=\"https:\/\/jecza.ro\/wp-content\/uploads\/elementor\/thumbs\/Peter-Jecza-Familie-r0pmf1i7st474gm76p9lrfn61xvc5rqv4k8l6zdb84.jpg\" \/>\n<meta name=\"twitter:card\" content=\"summary_large_image\" \/>\n<meta name=\"twitter:label1\" content=\"Est. reading time\" \/>\n\t<meta name=\"twitter:data1\" content=\"1 minute\" \/>\n<script type=\"application\/ld+json\" class=\"yoast-schema-graph\">{\"@context\":\"https:\/\/schema.org\",\"@graph\":[{\"@type\":\"WebPage\",\"@id\":\"https:\/\/jecza.ro\/index.php\/povestea-lucrarilor\/\",\"url\":\"https:\/\/jecza.ro\/index.php\/povestea-lucrarilor\/\",\"name\":\"Povestea lucr\u0103rilor - Jecza Museum\",\"isPartOf\":{\"@id\":\"https:\/\/jecza.ro\/#website\"},\"primaryImageOfPage\":{\"@id\":\"https:\/\/jecza.ro\/index.php\/povestea-lucrarilor\/#primaryimage\"},\"image\":{\"@id\":\"https:\/\/jecza.ro\/index.php\/povestea-lucrarilor\/#primaryimage\"},\"thumbnailUrl\":\"https:\/\/jecza.ro\/wp-content\/uploads\/elementor\/thumbs\/Peter-Jecza-Familie-r0pmf1i7st474gm76p9lrfn61xvc5rqv4k8l6zdb84.jpg\",\"datePublished\":\"2025-02-01T12:03:57+00:00\",\"dateModified\":\"2025-02-14T09:41:47+00:00\",\"breadcrumb\":{\"@id\":\"https:\/\/jecza.ro\/index.php\/povestea-lucrarilor\/#breadcrumb\"},\"inLanguage\":\"en-US\",\"potentialAction\":[{\"@type\":\"ReadAction\",\"target\":[\"https:\/\/jecza.ro\/index.php\/povestea-lucrarilor\/\"]}]},{\"@type\":\"ImageObject\",\"inLanguage\":\"en-US\",\"@id\":\"https:\/\/jecza.ro\/index.php\/povestea-lucrarilor\/#primaryimage\",\"url\":\"https:\/\/jecza.ro\/wp-content\/uploads\/elementor\/thumbs\/Peter-Jecza-Familie-r0pmf1i7st474gm76p9lrfn61xvc5rqv4k8l6zdb84.jpg\",\"contentUrl\":\"https:\/\/jecza.ro\/wp-content\/uploads\/elementor\/thumbs\/Peter-Jecza-Familie-r0pmf1i7st474gm76p9lrfn61xvc5rqv4k8l6zdb84.jpg\"},{\"@type\":\"BreadcrumbList\",\"@id\":\"https:\/\/jecza.ro\/index.php\/povestea-lucrarilor\/#breadcrumb\",\"itemListElement\":[{\"@type\":\"ListItem\",\"position\":1,\"name\":\"Home\",\"item\":\"https:\/\/jecza.ro\/\"},{\"@type\":\"ListItem\",\"position\":2,\"name\":\"Povestea lucr\u0103rilor\"}]},{\"@type\":\"WebSite\",\"@id\":\"https:\/\/jecza.ro\/#website\",\"url\":\"https:\/\/jecza.ro\/\",\"name\":\"Jecza Museum\",\"description\":\"\",\"publisher\":{\"@id\":\"https:\/\/jecza.ro\/#organization\"},\"potentialAction\":[{\"@type\":\"SearchAction\",\"target\":{\"@type\":\"EntryPoint\",\"urlTemplate\":\"https:\/\/jecza.ro\/?s={search_term_string}\"},\"query-input\":{\"@type\":\"PropertyValueSpecification\",\"valueRequired\":true,\"valueName\":\"search_term_string\"}}],\"inLanguage\":\"en-US\"},{\"@type\":\"Organization\",\"@id\":\"https:\/\/jecza.ro\/#organization\",\"name\":\"Jecza Museum\",\"url\":\"https:\/\/jecza.ro\/\",\"logo\":{\"@type\":\"ImageObject\",\"inLanguage\":\"en-US\",\"@id\":\"https:\/\/jecza.ro\/#\/schema\/logo\/image\/\",\"url\":\"https:\/\/jecza.ro\/wp-content\/uploads\/2024\/11\/cropped-Jecza-museum-logo-white.png\",\"contentUrl\":\"https:\/\/jecza.ro\/wp-content\/uploads\/2024\/11\/cropped-Jecza-museum-logo-white.png\",\"width\":512,\"height\":512,\"caption\":\"Jecza Museum\"},\"image\":{\"@id\":\"https:\/\/jecza.ro\/#\/schema\/logo\/image\/\"}}]}<\/script>\n<!-- \/ Yoast SEO plugin. -->","yoast_head_json":{"title":"Povestea lucr\u0103rilor - Jecza Museum","robots":{"index":"index","follow":"follow","max-snippet":"max-snippet:-1","max-image-preview":"max-image-preview:large","max-video-preview":"max-video-preview:-1"},"canonical":"https:\/\/jecza.ro\/index.php\/povestea-lucrarilor\/","og_locale":"en_US","og_type":"article","og_title":"Povestea lucr\u0103rilor - Jecza Museum","og_description":"Povestea lucr\u0103rilor &#8211; FAMILIA Mai Mult Povestea lucr\u0103rilor &#8211; C\u0102L\u0102UZA Mai Mult Povestea lucr\u0103rilor &#8211; DRUMUL CRUCII Mai Mult Povestea lucr\u0103rilor &#8211; UNIVERS DANTESC Mai Mult","og_url":"https:\/\/jecza.ro\/index.php\/povestea-lucrarilor\/","og_site_name":"Jecza Museum","article_modified_time":"2025-02-14T09:41:47+00:00","og_image":[{"url":"https:\/\/jecza.ro\/wp-content\/uploads\/elementor\/thumbs\/Peter-Jecza-Familie-r0pmf1i7st474gm76p9lrfn61xvc5rqv4k8l6zdb84.jpg","type":"","width":"","height":""}],"twitter_card":"summary_large_image","twitter_misc":{"Est. reading time":"1 minute"},"schema":{"@context":"https:\/\/schema.org","@graph":[{"@type":"WebPage","@id":"https:\/\/jecza.ro\/index.php\/povestea-lucrarilor\/","url":"https:\/\/jecza.ro\/index.php\/povestea-lucrarilor\/","name":"Povestea lucr\u0103rilor - Jecza Museum","isPartOf":{"@id":"https:\/\/jecza.ro\/#website"},"primaryImageOfPage":{"@id":"https:\/\/jecza.ro\/index.php\/povestea-lucrarilor\/#primaryimage"},"image":{"@id":"https:\/\/jecza.ro\/index.php\/povestea-lucrarilor\/#primaryimage"},"thumbnailUrl":"https:\/\/jecza.ro\/wp-content\/uploads\/elementor\/thumbs\/Peter-Jecza-Familie-r0pmf1i7st474gm76p9lrfn61xvc5rqv4k8l6zdb84.jpg","datePublished":"2025-02-01T12:03:57+00:00","dateModified":"2025-02-14T09:41:47+00:00","breadcrumb":{"@id":"https:\/\/jecza.ro\/index.php\/povestea-lucrarilor\/#breadcrumb"},"inLanguage":"en-US","potentialAction":[{"@type":"ReadAction","target":["https:\/\/jecza.ro\/index.php\/povestea-lucrarilor\/"]}]},{"@type":"ImageObject","inLanguage":"en-US","@id":"https:\/\/jecza.ro\/index.php\/povestea-lucrarilor\/#primaryimage","url":"https:\/\/jecza.ro\/wp-content\/uploads\/elementor\/thumbs\/Peter-Jecza-Familie-r0pmf1i7st474gm76p9lrfn61xvc5rqv4k8l6zdb84.jpg","contentUrl":"https:\/\/jecza.ro\/wp-content\/uploads\/elementor\/thumbs\/Peter-Jecza-Familie-r0pmf1i7st474gm76p9lrfn61xvc5rqv4k8l6zdb84.jpg"},{"@type":"BreadcrumbList","@id":"https:\/\/jecza.ro\/index.php\/povestea-lucrarilor\/#breadcrumb","itemListElement":[{"@type":"ListItem","position":1,"name":"Home","item":"https:\/\/jecza.ro\/"},{"@type":"ListItem","position":2,"name":"Povestea lucr\u0103rilor"}]},{"@type":"WebSite","@id":"https:\/\/jecza.ro\/#website","url":"https:\/\/jecza.ro\/","name":"Jecza Museum","description":"","publisher":{"@id":"https:\/\/jecza.ro\/#organization"},"potentialAction":[{"@type":"SearchAction","target":{"@type":"EntryPoint","urlTemplate":"https:\/\/jecza.ro\/?s={search_term_string}"},"query-input":{"@type":"PropertyValueSpecification","valueRequired":true,"valueName":"search_term_string"}}],"inLanguage":"en-US"},{"@type":"Organization","@id":"https:\/\/jecza.ro\/#organization","name":"Jecza Museum","url":"https:\/\/jecza.ro\/","logo":{"@type":"ImageObject","inLanguage":"en-US","@id":"https:\/\/jecza.ro\/#\/schema\/logo\/image\/","url":"https:\/\/jecza.ro\/wp-content\/uploads\/2024\/11\/cropped-Jecza-museum-logo-white.png","contentUrl":"https:\/\/jecza.ro\/wp-content\/uploads\/2024\/11\/cropped-Jecza-museum-logo-white.png","width":512,"height":512,"caption":"Jecza Museum"},"image":{"@id":"https:\/\/jecza.ro\/#\/schema\/logo\/image\/"}}]}},"campaignId":"","_links":{"self":[{"href":"https:\/\/jecza.ro\/index.php\/wp-json\/wp\/v2\/pages\/6275","targetHints":{"allow":["GET"]}}],"collection":[{"href":"https:\/\/jecza.ro\/index.php\/wp-json\/wp\/v2\/pages"}],"about":[{"href":"https:\/\/jecza.ro\/index.php\/wp-json\/wp\/v2\/types\/page"}],"author":[{"embeddable":true,"href":"https:\/\/jecza.ro\/index.php\/wp-json\/wp\/v2\/users\/2"}],"replies":[{"embeddable":true,"href":"https:\/\/jecza.ro\/index.php\/wp-json\/wp\/v2\/comments?post=6275"}],"version-history":[{"count":19,"href":"https:\/\/jecza.ro\/index.php\/wp-json\/wp\/v2\/pages\/6275\/revisions"}],"predecessor-version":[{"id":7363,"href":"https:\/\/jecza.ro\/index.php\/wp-json\/wp\/v2\/pages\/6275\/revisions\/7363"}],"wp:attachment":[{"href":"https:\/\/jecza.ro\/index.php\/wp-json\/wp\/v2\/media?parent=6275"}],"curies":[{"name":"wp","href":"https:\/\/api.w.org\/{rel}","templated":true}]}}